CRAN Package Check Results for Package fabletools

Last updated on 2024-06-13 03:49:17 CEST.

Flavor Version Tinstall Tcheck Ttotal Status Flags
r-devel-linux-x86_64-debian-clang 0.4.2 14.37 229.96 244.33 OK
r-devel-linux-x86_64-debian-gcc 0.4.2 0.56 1.73 2.29 ERROR
r-devel-linux-x86_64-fedora-clang 0.4.2 317.45 OK
r-devel-linux-x86_64-fedora-gcc 0.4.2 296.11 OK
r-devel-windows-x86_64 0.4.2 15.00 173.00 188.00 OK
r-patched-linux-x86_64 0.4.2 25.30 218.25 243.55 OK
r-release-linux-x86_64 0.4.2 17.41 215.08 232.49 OK
r-release-macos-arm64 0.4.2 83.00 OK
r-release-macos-x86_64 0.4.2 209.00 OK
r-release-windows-x86_64 0.4.2 18.00 170.00 188.00 OK
r-oldrel-macos-arm64 0.4.2 95.00 OK
r-oldrel-macos-x86_64 0.4.2 214.00 OK
r-oldrel-windows-x86_64 0.4.2 21.00 188.00 209.00 OK

Check Details

Version: 0.4.2
Check: package dependencies
Result: ERROR Packages required but not available: 'tsibble', 'tibble', 'ggplot2', 'tidyselect', 'dplyr', 'tidyr', 'vctrs', 'distributional', 'ggdist' Packages suggested but not available for checking: 'fable', 'pillar', 'feasts', 'testthat', 'tsibbledata', 'lubridate' See section ‘The DESCRIPTION file’ in the ‘Writing R Extensions’ manual. Flavor: r-devel-linux-x86_64-debian-gcc