CRAN Package Check Results for Package fableCount

Last updated on 2024-06-13 03:49:17 CEST.

Flavor Version Tinstall Tcheck Ttotal Status Flags
r-devel-linux-x86_64-debian-clang 0.1.0 10.69 91.38 102.07 OK
r-devel-linux-x86_64-debian-gcc 0.1.0 0.29 1.58 1.87 ERROR
r-devel-linux-x86_64-fedora-clang 0.1.0 132.16 NOTE
r-devel-linux-x86_64-fedora-gcc 0.1.0 116.02 NOTE
r-devel-windows-x86_64 0.1.0 9.00 81.00 90.00 OK
r-patched-linux-x86_64 0.1.0 6.46 86.53 92.99 OK
r-release-linux-x86_64 0.1.0 6.16 83.88 90.04 OK
r-release-macos-arm64 0.1.0 35.00 OK
r-release-macos-x86_64 0.1.0 53.00 OK
r-release-windows-x86_64 0.1.0 10.00 87.00 97.00 OK
r-oldrel-macos-arm64 0.1.0 38.00 OK
r-oldrel-macos-x86_64 0.1.0 106.00 OK
r-oldrel-windows-x86_64 0.1.0 11.00 87.00 98.00 OK

Check Details

Version: 0.1.0
Check: package dependencies
Result: ERROR Packages required but not available: 'fabletools', 'fable', 'dplyr', 'tsibble', 'tibble', 'tidyr', 'distributional', 'lubridate', 'stringr', 'tsibbledata' Packages suggested but not available for checking: 'feasts', 'forecast', 'testthat' See section ‘The DESCRIPTION file’ in the ‘Writing R Extensions’ manual. Flavor: r-devel-linux-x86_64-debian-gcc

Version: 0.1.0
Check: dependencies in R code
Result: NOTE Namespace in Imports field not imported from: ‘tsibbledata’ All declared Imports should be used. Flavors: r-devel-linux-x86_64-fedora-clang, r-devel-linux-x86_64-fedora-gcc