CRAN Package Check Results for Package fUnitRoots

Last updated on 2022-07-04 15:54:42 CEST.

Flavor Version Tinstall Tcheck Ttotal Status Flags
r-devel-linux-x86_64-debian-clang 3042.79 8.96 62.30 71.26 NOTE
r-devel-linux-x86_64-debian-gcc 3042.79 6.31 48.02 54.33 NOTE
r-devel-linux-x86_64-fedora-clang 3042.79 92.12 NOTE
r-devel-linux-x86_64-fedora-gcc 3042.79 89.71 NOTE
r-devel-windows-x86_64 3042.79 24.00 81.00 105.00 NOTE
r-patched-linux-x86_64 3042.79 9.03 61.57 70.60 NOTE
r-release-linux-x86_64 3042.79 7.30 60.72 68.02 NOTE
r-release-macos-arm64 3042.79 35.00 NOTE
r-release-macos-x86_64 3042.79 38.00 NOTE
r-release-windows-x86_64 3042.79 33.00 83.00 116.00 NOTE
r-oldrel-macos-arm64 3042.79 36.00 NOTE
r-oldrel-macos-x86_64 3042.79 51.00 NOTE
r-oldrel-windows-ix86+x86_64 3042.79 19.00 92.00 111.00 NOTE

Check Details

Version: 3042.79
Check: LazyData
Result: NOTE
     'LazyData' is specified without a 'data' directory
Flavors: r-devel-linux-x86_64-debian-clang, r-devel-linux-x86_64-debian-gcc, r-devel-linux-x86_64-fedora-clang, r-devel-linux-x86_64-fedora-gcc, r-devel-windows-x86_64, r-patched-linux-x86_64, r-release-linux-x86_64, r-release-macos-arm64, r-release-macos-x86_64, r-release-windows-x86_64, r-oldrel-macos-arm64, r-oldrel-macos-x86_64, r-oldrel-windows-ix86+x86_64

Version: 3042.79
Check: compiled code
Result: NOTE
    File ‘fUnitRoots/libs/fUnitRoots.so’:
     Found no calls to: ‘R_registerRoutines’, ‘R_useDynamicSymbols’
    
    It is good practice to register native routines and to disable symbol
    search.
    
    See ‘Writing portable packages’ in the ‘Writing R Extensions’ manual.
Flavors: r-devel-linux-x86_64-fedora-clang, r-devel-linux-x86_64-fedora-gcc