CRAN Package Check Results for Package fTrading

Last updated on 2022-07-05 15:52:45 CEST.

Flavor Version Tinstall Tcheck Ttotal Status Flags
r-devel-linux-x86_64-debian-clang 3042.79 5.17 57.66 62.83 NOTE
r-devel-linux-x86_64-debian-gcc 3042.79 4.16 44.26 48.42 NOTE
r-devel-linux-x86_64-fedora-clang 3042.79 86.12 NOTE
r-devel-linux-x86_64-fedora-gcc 3042.79 85.81 NOTE
r-devel-windows-x86_64 3042.79 23.00 81.00 104.00 NOTE
r-patched-linux-x86_64 3042.79 5.44 56.16 61.60 NOTE
r-release-linux-x86_64 3042.79 4.99 55.48 60.47 NOTE
r-release-macos-arm64 3042.79 26.00 NOTE
r-release-macos-x86_64 3042.79 36.00 NOTE
r-release-windows-x86_64 3042.79 21.00 80.00 101.00 NOTE
r-oldrel-macos-arm64 3042.79 31.00 NOTE
r-oldrel-macos-x86_64 3042.79 50.00 NOTE
r-oldrel-windows-ix86+x86_64 3042.79 15.00 76.00 91.00 NOTE

Check Details

Version: 3042.79
Check: LazyData
Result: NOTE
     'LazyData' is specified without a 'data' directory
Flavors: r-devel-linux-x86_64-debian-clang, r-devel-linux-x86_64-debian-gcc, r-devel-linux-x86_64-fedora-clang, r-devel-linux-x86_64-fedora-gcc, r-devel-windows-x86_64, r-patched-linux-x86_64, r-release-linux-x86_64, r-release-macos-arm64, r-release-macos-x86_64, r-release-windows-x86_64, r-oldrel-macos-arm64, r-oldrel-macos-x86_64, r-oldrel-windows-ix86+x86_64