CRAN Package Check Results for Package fTrading

Last updated on 2020-09-22 03:49:23 CEST.

Flavor Version Tinstall Tcheck Ttotal Status Flags
r-devel-linux-x86_64-debian-clang 3042.79 6.21 50.35 56.56 OK
r-devel-linux-x86_64-debian-gcc 3042.79 0.27 1.87 2.14 ERROR
r-devel-linux-x86_64-fedora-clang 3042.79 78.45 OK
r-devel-linux-x86_64-fedora-gcc 3042.79 69.05 OK
r-devel-windows-ix86+x86_64 3042.79 14.00 60.00 74.00 OK
r-patched-linux-x86_64 3042.79 4.94 48.97 53.91 OK
r-patched-solaris-x86 3042.79 95.10 OK
r-release-linux-x86_64 3042.79 5.68 49.35 55.03 OK
r-release-macos-x86_64 3042.79 OK
r-release-windows-ix86+x86_64 3042.79 13.00 73.00 86.00 OK
r-oldrel-macos-x86_64 3042.79 OK
r-oldrel-windows-ix86+x86_64 3042.79 9.00 70.00 79.00 OK

Check Details

Version: 3042.79
Check: whether package can be installed
Result: ERROR
    Installation failed.
Flavor: r-devel-linux-x86_64-debian-gcc