CRAN Package Check Results for Package fSRM

Last updated on 2020-09-24 15:48:29 CEST.

Flavor Version Tinstall Tcheck Ttotal Status Flags
r-devel-linux-x86_64-debian-clang 0.6.4 9.21 71.39 80.60 NOTE
r-devel-linux-x86_64-debian-gcc 0.6.4 7.01 55.17 62.18 NOTE
r-devel-linux-x86_64-fedora-clang 0.6.4 106.85 NOTE
r-devel-linux-x86_64-fedora-gcc 0.6.4 98.39 NOTE
r-devel-windows-ix86+x86_64 0.6.4 20.00 85.00 105.00 OK
r-patched-linux-x86_64 0.6.4 9.26 66.31 75.57 OK
r-patched-solaris-x86 0.6.4 132.70 OK
r-release-linux-x86_64 0.6.4 9.28 66.07 75.35 OK
r-release-macos-x86_64 0.6.4 OK
r-release-windows-ix86+x86_64 0.6.4 26.00 91.00 117.00 OK
r-oldrel-macos-x86_64 0.6.4 FAIL
r-oldrel-windows-ix86+x86_64 0.6.4 13.00 82.00 95.00 OK

Check Details

Version: 0.6.4
Check: R code for possible problems
Result: NOTE
    Possibly missing '()' after 'return' in the following function:
     'import'
Flavors: r-devel-linux-x86_64-debian-clang, r-devel-linux-x86_64-debian-gcc, r-devel-linux-x86_64-fedora-clang, r-devel-linux-x86_64-fedora-gcc

Version: 0.6.4
Check: whether package can be installed
Result: FAIL
Flavor: r-oldrel-macos-x86_64