Last updated on 2022-06-24 15:52:35 CEST.
Flavor | Version | Tinstall | Tcheck | Ttotal | Status | Flags |
---|---|---|---|---|---|---|
r-devel-linux-x86_64-debian-clang | 3042.82 | 8.04 | 71.26 | 79.30 | NOTE | |
r-devel-linux-x86_64-debian-gcc | 3042.82 | 5.40 | 53.14 | 58.54 | NOTE | |
r-devel-linux-x86_64-fedora-clang | 3042.82 | 108.09 | NOTE | |||
r-devel-linux-x86_64-fedora-gcc | 3042.82 | 102.63 | NOTE | |||
r-devel-windows-x86_64 | 3042.82 | 59.00 | 95.00 | 154.00 | NOTE | |
r-patched-linux-x86_64 | 3042.82 | 9.48 | 65.86 | 75.34 | NOTE | |
r-release-linux-x86_64 | 3042.82 | 7.20 | 65.52 | 72.72 | NOTE | |
r-release-macos-arm64 | 3042.82 | 32.00 | NOTE | |||
r-release-macos-x86_64 | 3042.82 | 41.00 | NOTE | |||
r-release-windows-x86_64 | 3042.82 | 62.00 | 93.00 | 155.00 | NOTE | |
r-oldrel-macos-arm64 | 3042.82 | 38.00 | NOTE | |||
r-oldrel-macos-x86_64 | 3042.82 | 61.00 | NOTE | |||
r-oldrel-windows-ix86+x86_64 | 3042.82 | 19.00 | 88.00 | 107.00 | NOTE |
Version: 3042.82
Check: LazyData
Result: NOTE
'LazyData' is specified without a 'data' directory
Flavors: r-devel-linux-x86_64-debian-clang, r-devel-linux-x86_64-debian-gcc, r-devel-linux-x86_64-fedora-clang, r-devel-linux-x86_64-fedora-gcc, r-devel-windows-x86_64, r-patched-linux-x86_64, r-release-linux-x86_64, r-release-macos-arm64, r-release-macos-x86_64, r-release-windows-x86_64, r-oldrel-macos-arm64, r-oldrel-macos-x86_64, r-oldrel-windows-ix86+x86_64