CRAN Package Check Results for Package fNonlinear

Last updated on 2022-06-30 03:53:23 CEST.

Flavor Version Tinstall Tcheck Ttotal Status Flags
r-devel-linux-x86_64-debian-clang 3042.79 8.89 81.98 90.87 NOTE
r-devel-linux-x86_64-debian-gcc 3042.79 5.44 61.51 66.95 NOTE
r-devel-linux-x86_64-fedora-clang 3042.79 115.79 NOTE
r-devel-linux-x86_64-fedora-gcc 3042.79 116.52 NOTE
r-devel-windows-x86_64 3042.79 29.00 111.00 140.00 NOTE
r-patched-linux-x86_64 3042.79 7.09 80.81 87.90 NOTE
r-release-linux-x86_64 3042.79 7.49 80.76 88.25 NOTE
r-release-macos-arm64 3042.79 40.00 NOTE
r-release-macos-x86_64 3042.79 51.00 NOTE
r-release-windows-x86_64 3042.79 28.00 111.00 139.00 NOTE
r-oldrel-macos-arm64 3042.79 42.00 NOTE
r-oldrel-macos-x86_64 3042.79 72.00 NOTE
r-oldrel-windows-ix86+x86_64 3042.79 19.00 150.00 169.00 NOTE

Check Details

Version: 3042.79
Check: LazyData
Result: NOTE
     'LazyData' is specified without a 'data' directory
Flavors: r-devel-linux-x86_64-debian-clang, r-devel-linux-x86_64-debian-gcc, r-devel-linux-x86_64-fedora-clang, r-devel-linux-x86_64-fedora-gcc, r-devel-windows-x86_64, r-patched-linux-x86_64, r-release-linux-x86_64, r-release-macos-arm64, r-release-macos-x86_64, r-release-windows-x86_64, r-oldrel-macos-arm64, r-oldrel-macos-x86_64, r-oldrel-windows-ix86+x86_64

Version: 3042.79
Check: compiled code
Result: NOTE
    File ‘fNonlinear/libs/fNonlinear.so’:
     Found no calls to: ‘R_registerRoutines’, ‘R_useDynamicSymbols’
    
    It is good practice to register native routines and to disable symbol
    search.
    
    See ‘Writing portable packages’ in the ‘Writing R Extensions’ manual.
Flavors: r-devel-linux-x86_64-fedora-clang, r-devel-linux-x86_64-fedora-gcc