CRAN Package Check Results for Package fDMA

Last updated on 2022-06-27 15:53:43 CEST.

Flavor Version Tinstall Tcheck Ttotal Status Flags
r-devel-linux-x86_64-debian-clang 2.2.6 44.16 134.92 179.08 OK
r-devel-linux-x86_64-debian-gcc 2.2.6 35.68 98.32 134.00 OK
r-devel-linux-x86_64-fedora-clang 2.2.6 231.57 WARN
r-devel-linux-x86_64-fedora-gcc 2.2.6 224.04 WARN
r-devel-windows-x86_64 2.2.6 60.00 189.00 249.00 OK
r-patched-linux-x86_64 2.2.6 39.74 125.74 165.48 OK
r-release-linux-x86_64 2.2.6 39.93 125.24 165.17 OK
r-release-macos-arm64 2.2.6 63.00 OK
r-release-macos-x86_64 2.2.6 103.00 OK
r-release-windows-x86_64 2.2.6 69.00 177.00 246.00 OK
r-oldrel-macos-arm64 2.2.6 63.00 OK
r-oldrel-macos-x86_64 2.2.6 117.00 OK
r-oldrel-windows-ix86+x86_64 2.2.6 107.00 220.00 327.00 OK

Check Details

Version: 2.2.6
Check: package dependencies
Result: WARN
    Requires (indirectly) orphaned package: ‘gtools’
Flavors: r-devel-linux-x86_64-fedora-clang, r-devel-linux-x86_64-fedora-gcc