CRAN Package Check Results for Package fBonds

Last updated on 2022-07-06 03:52:15 CEST.

Flavor Version Tinstall Tcheck Ttotal Status Flags
r-devel-linux-x86_64-debian-clang 3042.78 6.23 52.23 58.46 NOTE
r-devel-linux-x86_64-debian-gcc 3042.78 4.38 40.15 44.53 NOTE
r-devel-linux-x86_64-fedora-clang 3042.78 78.43 NOTE
r-devel-linux-x86_64-fedora-gcc 3042.78 80.18 NOTE
r-devel-windows-x86_64 3042.78 11.00 75.00 86.00 NOTE
r-patched-linux-x86_64 3042.78 6.17 50.46 56.63 NOTE
r-release-linux-x86_64 3042.78 6.32 49.69 56.01 NOTE
r-release-macos-arm64 3042.78 26.00 NOTE
r-release-macos-x86_64 3042.78 34.00 NOTE
r-release-windows-x86_64 3042.78 9.00 77.00 86.00 NOTE
r-oldrel-macos-arm64 3042.78 33.00 NOTE
r-oldrel-macos-x86_64 3042.78 43.00 NOTE
r-oldrel-windows-ix86+x86_64 3042.78 13.00 72.00 85.00 NOTE

Check Details

Version: 3042.78
Check: LazyData
Result: NOTE
     'LazyData' is specified without a 'data' directory
Flavors: r-devel-linux-x86_64-debian-clang, r-devel-linux-x86_64-debian-gcc, r-devel-linux-x86_64-fedora-clang, r-devel-linux-x86_64-fedora-gcc, r-devel-windows-x86_64, r-patched-linux-x86_64, r-release-linux-x86_64, r-release-macos-arm64, r-release-macos-x86_64, r-release-windows-x86_64, r-oldrel-macos-arm64, r-oldrel-macos-x86_64, r-oldrel-windows-ix86+x86_64