Last updated on 2023-05-30 16:00:32 CEST.
Flavor | Version | Tinstall | Tcheck | Ttotal | Status | Flags |
---|---|---|---|---|---|---|
r-devel-linux-x86_64-debian-clang | 3042.78 | 4.16 | 51.92 | 56.08 | NOTE | |
r-devel-linux-x86_64-debian-gcc | 3042.78 | 4.97 | 40.81 | 45.78 | NOTE | |
r-devel-linux-x86_64-fedora-clang | 3042.78 | 71.91 | NOTE | |||
r-devel-linux-x86_64-fedora-gcc | 3042.78 | 72.00 | NOTE | |||
r-devel-windows-x86_64 | 3042.78 | 6.00 | 57.00 | 63.00 | NOTE | |
r-patched-linux-x86_64 | 3042.78 | 5.59 | 49.96 | 55.55 | NOTE | |
r-release-linux-x86_64 | 3042.78 | 5.99 | 50.52 | 56.51 | NOTE | |
r-release-macos-arm64 | 3042.78 | 25.00 | NOTE | |||
r-release-macos-x86_64 | 3042.78 | 37.00 | NOTE | |||
r-release-windows-x86_64 | 3042.78 | 8.00 | 63.00 | 71.00 | NOTE | |
r-oldrel-macos-arm64 | 3042.78 | 27.00 | NOTE | |||
r-oldrel-macos-x86_64 | 3042.78 | 34.00 | NOTE | |||
r-oldrel-windows-x86_64 | 3042.78 | 8.00 | 68.00 | 76.00 | NOTE |
Version: 3042.78
Check: LazyData
Result: NOTE
'LazyData' is specified without a 'data' directory
Flavors: r-devel-linux-x86_64-debian-clang, r-devel-linux-x86_64-debian-gcc, r-devel-linux-x86_64-fedora-clang, r-devel-linux-x86_64-fedora-gcc, r-devel-windows-x86_64, r-patched-linux-x86_64, r-release-linux-x86_64, r-release-macos-arm64, r-release-macos-x86_64, r-release-windows-x86_64, r-oldrel-macos-arm64, r-oldrel-macos-x86_64, r-oldrel-windows-x86_64