Last updated on 2022-05-22 03:51:25 CEST.
Flavor | Version | Tinstall | Tcheck | Ttotal | Status | Flags |
---|---|---|---|---|---|---|
r-devel-linux-x86_64-debian-clang | 3042.89.1 | 73.11 | 193.97 | 267.08 | OK | |
r-devel-linux-x86_64-debian-gcc | 3042.89.1 | 61.36 | 144.39 | 205.75 | OK | |
r-devel-linux-x86_64-fedora-clang | 3042.89.1 | 315.99 | NOTE | |||
r-devel-linux-x86_64-fedora-gcc | 3042.89.1 | 290.71 | NOTE | |||
r-devel-windows-x86_64 | 3042.89.1 | 155.00 | 209.00 | 364.00 | OK | |
r-patched-linux-x86_64 | 3042.89.1 | 69.02 | 180.22 | 249.24 | OK | |
r-release-linux-x86_64 | 3042.89.1 | 69.80 | 176.96 | 246.76 | OK | |
r-release-macos-arm64 | 3042.89.1 | 88.00 | OK | |||
r-release-macos-x86_64 | 3042.89.1 | 114.00 | OK | |||
r-release-windows-x86_64 | 3042.89.1 | 160.00 | 193.00 | 353.00 | OK | |
r-oldrel-macos-arm64 | 3042.89.1 | 107.00 | OK | |||
r-oldrel-macos-x86_64 | 3042.89.1 | 177.00 | OK | |||
r-oldrel-windows-ix86+x86_64 | 3042.89.1 | 114.00 | 240.00 | 354.00 | OK |
Version: 3042.89.1
Check: compiled code
Result: NOTE
File ‘fBasics/libs/fBasics.so’:
Found no calls to: ‘R_registerRoutines’, ‘R_useDynamicSymbols’
It is good practice to register native routines and to disable symbol
search.
See ‘Writing portable packages’ in the ‘Writing R Extensions’ manual.
Flavors: r-devel-linux-x86_64-fedora-clang, r-devel-linux-x86_64-fedora-gcc