CRAN Package Check Results for Package ezpickr

Last updated on 2022-06-26 15:52:58 CEST.

Flavor Version Tinstall Tcheck Ttotal Status Flags
r-devel-linux-x86_64-debian-clang 2.1.0 2.90 29.19 32.09 NOTE
r-devel-linux-x86_64-debian-gcc 2.1.0 2.05 22.94 24.99 NOTE
r-devel-linux-x86_64-fedora-clang 2.1.0 51.85 NOTE
r-devel-linux-x86_64-fedora-gcc 2.1.0 48.90 NOTE
r-devel-windows-x86_64 2.1.0 9.00 64.00 73.00 NOTE
r-patched-linux-x86_64 2.1.0 1.66 29.24 30.90 NOTE
r-release-linux-x86_64 2.1.0 1.57 28.88 30.45 NOTE
r-release-macos-arm64 2.1.0 24.00 NOTE
r-release-macos-x86_64 2.1.0 30.00 NOTE
r-release-windows-x86_64 2.1.0 9.00 60.00 69.00 NOTE
r-oldrel-macos-arm64 2.1.0 25.00 NOTE
r-oldrel-macos-x86_64 2.1.0 29.00 NOTE
r-oldrel-windows-ix86+x86_64 2.1.0 7.00 50.00 57.00 NOTE

Check Details

Version: 2.1.0
Check: LazyData
Result: NOTE
     'LazyData' is specified without a 'data' directory
Flavors: r-devel-linux-x86_64-debian-clang, r-devel-linux-x86_64-debian-gcc, r-devel-linux-x86_64-fedora-clang, r-devel-linux-x86_64-fedora-gcc, r-devel-windows-x86_64, r-patched-linux-x86_64, r-release-linux-x86_64, r-release-macos-arm64, r-release-macos-x86_64, r-release-windows-x86_64, r-oldrel-macos-arm64, r-oldrel-macos-x86_64, r-oldrel-windows-ix86+x86_64