Last updated on 2022-07-03 03:49:55 CEST.
Flavor | Version | Tinstall | Tcheck | Ttotal | Status | Flags |
---|---|---|---|---|---|---|
r-devel-linux-x86_64-debian-clang | 1.0.1 | 10.34 | 110.19 | 120.53 | OK | |
r-devel-linux-x86_64-debian-gcc | 1.0.1 | 9.60 | 81.11 | 90.71 | OK | |
r-devel-linux-x86_64-fedora-clang | 1.0.1 | 149.42 | WARN | |||
r-devel-linux-x86_64-fedora-gcc | 1.0.1 | 148.50 | WARN | |||
r-devel-windows-x86_64 | 1.0.1 | 14.00 | 126.00 | 140.00 | OK | |
r-patched-linux-x86_64 | 1.0.1 | 8.91 | 101.03 | 109.94 | OK | |
r-release-linux-x86_64 | 1.0.1 | 9.05 | 101.15 | 110.20 | OK | |
r-release-macos-arm64 | 1.0.1 | 43.00 | OK | |||
r-release-macos-x86_64 | 1.0.1 | 77.00 | OK | |||
r-release-windows-x86_64 | 1.0.1 | 13.00 | 140.00 | 153.00 | OK | |
r-oldrel-macos-arm64 | 1.0.1 | 56.00 | OK | |||
r-oldrel-macos-x86_64 | 1.0.1 | 78.00 | OK | |||
r-oldrel-windows-ix86+x86_64 | 1.0.1 | 27.00 | 118.00 | 145.00 | OK |
Version: 1.0.1
Check: package dependencies
Result: WARN
Requires (indirectly) orphaned package: ‘gtools’
Flavors: r-devel-linux-x86_64-fedora-clang, r-devel-linux-x86_64-fedora-gcc