CRAN Package Check Results for Package eyelinker

Last updated on 2021-09-19 03:51:01 CEST.

Flavor Version Tinstall Tcheck Ttotal Status Flags
r-devel-linux-x86_64-debian-clang 0.2.1 5.18 66.21 71.39 OK
r-devel-linux-x86_64-debian-gcc 0.2.1 4.25 50.01 54.26 OK
r-devel-linux-x86_64-fedora-clang 0.2.1 92.79 OK
r-devel-linux-x86_64-fedora-gcc 0.2.1 80.53 OK
r-devel-windows-x86_64 0.2.1 6.00 89.00 95.00 OK
r-devel-windows-x86_64-gcc10-UCRT 0.2.1 ERROR
r-patched-linux-x86_64 0.2.1 3.76 64.30 68.06 OK
r-patched-solaris-x86 0.2.1 122.40 OK
r-release-linux-x86_64 0.2.1 3.93 64.94 68.87 OK
r-release-macos-arm64 0.2.1 OK
r-release-macos-x86_64 0.2.1 OK
r-release-windows-ix86+x86_64 0.2.1 13.00 66.00 79.00 OK
r-oldrel-macos-x86_64 0.2.1 OK
r-oldrel-windows-ix86+x86_64 0.2.1 13.00 94.00 107.00 OK

Check Details

Version: 0.2.1
Check: whether package can be installed
Result: WARN
    Found the following significant warnings:
     WARNING: installation-time patches will not be applied, could not get the patches index
Flavor: r-devel-windows-x86_64-gcc10-UCRT

Version: 0.2.1
Check: PDF version of manual
Result: WARN
    LaTeX errors when creating PDF version.
    This typically indicates Rd problems.
Flavor: r-devel-windows-x86_64-gcc10-UCRT

Version: 0.2.1
Check: PDF version of manual without hyperrefs or index
Result: ERROR
    Re-running with no redirection of stdout/stderr.
Flavor: r-devel-windows-x86_64-gcc10-UCRT