CRAN Package Check Results for Package extraoperators

Last updated on 2022-08-07 15:55:48 CEST.

Flavor Version Tinstall Tcheck Ttotal Status Flags
r-devel-linux-x86_64-debian-clang 0.1.1 2.63 29.13 31.76 NOTE
r-devel-linux-x86_64-debian-gcc 0.1.1 2.04 22.27 24.31 NOTE
r-devel-linux-x86_64-fedora-clang 0.1.1 51.24 NOTE
r-devel-linux-x86_64-fedora-gcc 0.1.1 48.14 NOTE
r-devel-windows-x86_64 0.1.1 59.00 54.00 113.00 NOTE
r-patched-linux-x86_64 0.1.1 2.78 28.19 30.97 NOTE
r-release-linux-x86_64 0.1.1 2.69 27.96 30.65 NOTE
r-release-macos-arm64 0.1.1 17.00 NOTE
r-release-macos-x86_64 0.1.1 26.00 NOTE
r-release-windows-x86_64 0.1.1 42.00 56.00 98.00 NOTE
r-oldrel-macos-arm64 0.1.1 19.00 NOTE
r-oldrel-macos-x86_64 0.1.1 29.00 NOTE
r-oldrel-windows-ix86+x86_64 0.1.1 5.00 46.00 51.00 NOTE

Check Details

Version: 0.1.1
Check: LazyData
Result: NOTE
     'LazyData' is specified without a 'data' directory
Flavors: r-devel-linux-x86_64-debian-clang, r-devel-linux-x86_64-debian-gcc, r-devel-linux-x86_64-fedora-clang, r-devel-linux-x86_64-fedora-gcc, r-devel-windows-x86_64, r-patched-linux-x86_64, r-release-linux-x86_64, r-release-macos-arm64, r-release-macos-x86_64, r-release-windows-x86_64, r-oldrel-macos-arm64, r-oldrel-macos-x86_64, r-oldrel-windows-ix86+x86_64