CRAN Package Check Results for Package expose

Last updated on 2021-01-18 03:48:21 CET.

Flavor Version Tinstall Tcheck Ttotal Status Flags
r-devel-linux-x86_64-debian-clang 0.0.3 3.05 35.02 38.07 NOTE
r-devel-linux-x86_64-debian-gcc 0.0.3 2.75 27.85 30.60 NOTE
r-devel-linux-x86_64-fedora-clang 0.0.3 56.22 NOTE
r-devel-linux-x86_64-fedora-gcc 0.0.3 47.22 NOTE
r-devel-windows-ix86+x86_64 0.0.3 7.00 44.00 51.00 NOTE
r-patched-linux-x86_64 0.0.3 3.49 34.90 38.39 NOTE
r-patched-solaris-x86 0.0.3 5.50 ERROR
r-release-linux-x86_64 0.0.3 3.53 34.38 37.91 NOTE
r-release-macos-x86_64 0.0.3 NOTE
r-release-windows-ix86+x86_64 0.0.3 7.00 44.00 51.00 NOTE
r-oldrel-macos-x86_64 0.0.3 NOTE
r-oldrel-windows-ix86+x86_64 0.0.3 6.00 50.00 56.00 OK

Check Details

Version: 0.0.3
Check: package vignettes
Result: NOTE
    Package vignette with placeholder title 'Vignette Title':
     'Vignette.Rmd'
Flavors: r-devel-linux-x86_64-debian-clang, r-devel-linux-x86_64-debian-gcc, r-devel-windows-ix86+x86_64, r-patched-linux-x86_64, r-release-linux-x86_64, r-release-windows-ix86+x86_64

Version: 0.0.3
Check: dependencies in R code
Result: NOTE
    Namespaces in Imports field not imported from:
     ‘Matrix’ ‘RColorBrewer’ ‘Rcpp’ ‘e1071’ ‘foreach’ ‘gam’ ‘ggplot2’
     ‘glmnet’ ‘nnet’ ‘polspline’ ‘repmis’ ‘splines’ ‘xgboost’
     All declared Imports should be used.
Flavors: r-devel-linux-x86_64-fedora-clang, r-devel-linux-x86_64-fedora-gcc, r-release-macos-x86_64, r-oldrel-macos-x86_64

Version: 0.0.3
Check: package dependencies
Result: ERROR
    Package required but not available: ‘xgboost’
    
    See section ‘The DESCRIPTION file’ in the ‘Writing R Extensions’
    manual.
Flavor: r-patched-solaris-x86