Last updated on 2022-06-24 15:52:34 CEST.
Flavor | Version | Tinstall | Tcheck | Ttotal | Status | Flags |
---|---|---|---|---|---|---|
r-devel-linux-x86_64-debian-clang | 0.52 | 56.27 | 229.80 | 286.07 | OK | |
r-devel-linux-x86_64-debian-gcc | 0.52 | 48.36 | 167.76 | 216.12 | OK | |
r-devel-linux-x86_64-fedora-clang | 0.52 | 361.92 | NOTE | |||
r-devel-linux-x86_64-fedora-gcc | 0.52 | 353.03 | OK | |||
r-devel-windows-x86_64 | 0.52 | 81.00 | 290.00 | 371.00 | OK | |
r-patched-linux-x86_64 | 0.52 | 54.71 | 213.81 | 268.52 | OK | |
r-release-linux-x86_64 | 0.52 | 55.74 | 217.03 | 272.77 | OK | |
r-release-macos-arm64 | 0.52 | 91.00 | NOTE | |||
r-release-macos-x86_64 | 0.52 | 181.00 | NOTE | |||
r-release-windows-x86_64 | 0.52 | 88.00 | 291.00 | 379.00 | OK | |
r-oldrel-macos-arm64 | 0.52 | 89.00 | NOTE | |||
r-oldrel-macos-x86_64 | 0.52 | 116.00 | NOTE | |||
r-oldrel-windows-ix86+x86_64 | 0.52 | 139.00 | 355.00 | 494.00 | OK |
Version: 0.52
Check: installed package size
Result: NOTE
installed size is 8.1Mb
sub-directories of 1Mb or more:
libs 6.6Mb
Flavors: r-devel-linux-x86_64-fedora-clang, r-release-macos-arm64, r-release-macos-x86_64, r-oldrel-macos-arm64, r-oldrel-macos-x86_64
Version: 0.52
Check: Rd cross-references
Result: NOTE
Undeclared package ‘quantreg’ in Rd xrefs
Flavor: r-devel-linux-x86_64-fedora-clang