CRAN Package Check Results for Package expandFunctions

Last updated on 2020-09-18 15:52:45 CEST.

Flavor Version Tinstall Tcheck Ttotal Status Flags
r-devel-linux-x86_64-debian-clang 0.1.0 2.73 31.70 34.43 OK
r-devel-linux-x86_64-debian-gcc 0.1.0 1.99 24.64 26.63 OK
r-devel-linux-x86_64-fedora-clang 0.1.0 51.41 NOTE
r-devel-linux-x86_64-fedora-gcc 0.1.0 42.80 NOTE
r-devel-windows-ix86+x86_64 0.1.0 8.00 43.00 51.00 OK
r-patched-linux-x86_64 0.1.0 3.10 31.34 34.44 OK
r-patched-solaris-x86 0.1.0 63.20 NOTE
r-release-linux-x86_64 0.1.0 2.51 31.05 33.56 OK
r-release-macos-x86_64 0.1.0 NOTE
r-release-windows-ix86+x86_64 0.1.0 7.00 41.00 48.00 OK
r-oldrel-macos-x86_64 0.1.0 NOTE
r-oldrel-windows-ix86+x86_64 0.1.0 3.00 56.00 59.00 OK

Check Details

Version: 0.1.0
Check: dependencies in R code
Result: NOTE
    Namespace in Imports field not imported from: ‘polynom’
     All declared Imports should be used.
Flavors: r-devel-linux-x86_64-fedora-clang, r-devel-linux-x86_64-fedora-gcc, r-patched-solaris-x86, r-release-macos-x86_64, r-oldrel-macos-x86_64

Version: 0.1.0
Check: Rd cross-references
Result: NOTE
    Undeclared packages ‘tseriesChaos’, ‘rSFA’ in Rd xrefs
Flavor: r-devel-linux-x86_64-fedora-clang