CRAN Package Check Results for Package expDB

Last updated on 2022-06-26 03:50:00 CEST.

Flavor Version Tinstall Tcheck Ttotal Status Flags
r-devel-linux-x86_64-debian-clang 0.1.0 6.84 47.69 54.53 OK
r-devel-linux-x86_64-debian-gcc 0.1.0 5.30 36.11 41.41 OK
r-devel-linux-x86_64-fedora-clang 0.1.0 78.46 NOTE
r-devel-linux-x86_64-fedora-gcc 0.1.0 73.55 NOTE
r-devel-windows-x86_64 0.1.0 37.00 74.00 111.00 OK
r-patched-linux-x86_64 0.1.0 4.23 46.33 50.56 OK
r-release-linux-x86_64 0.1.0 3.79 44.58 48.37 OK
r-release-macos-arm64 0.1.0 24.00 NOTE
r-release-macos-x86_64 0.1.0 38.00 NOTE
r-release-windows-x86_64 0.1.0 35.00 68.00 103.00 OK
r-oldrel-macos-arm64 0.1.0 26.00 NOTE
r-oldrel-macos-x86_64 0.1.0 31.00 NOTE
r-oldrel-windows-ix86+x86_64 0.1.0 13.00 72.00 85.00 OK

Check Details

Version: 0.1.0
Check: dependencies in R code
Result: NOTE
    Namespace in Imports field not imported from: ‘tidyverse’
     All declared Imports should be used.
Flavors: r-devel-linux-x86_64-fedora-clang, r-devel-linux-x86_64-fedora-gcc, r-release-macos-arm64, r-release-macos-x86_64, r-oldrel-macos-arm64, r-oldrel-macos-x86_64