CRAN Package Check Results for Package excelstrippr

Last updated on 2022-07-06 15:48:58 CEST.

Flavor Version Tinstall Tcheck Ttotal Status Flags
r-devel-linux-x86_64-debian-clang 0.1.2 2.14 23.53 25.67 NOTE
r-devel-linux-x86_64-debian-gcc 0.1.2 1.75 17.91 19.66 NOTE
r-devel-linux-x86_64-fedora-clang 0.1.2 41.88 NOTE
r-devel-linux-x86_64-fedora-gcc 0.1.2 40.76 NOTE
r-devel-windows-x86_64 0.1.2 22.00 47.00 69.00 NOTE
r-patched-linux-x86_64 0.1.2 1.51 21.95 23.46 NOTE
r-release-linux-x86_64 0.1.2 1.63 22.42 24.05 NOTE
r-release-macos-arm64 0.1.2 16.00 NOTE
r-release-macos-x86_64 0.1.2 26.00 NOTE
r-release-windows-x86_64 0.1.2 13.00 50.00 63.00 NOTE
r-oldrel-macos-arm64 0.1.2 17.00 NOTE
r-oldrel-macos-x86_64 0.1.2 24.00 NOTE
r-oldrel-windows-ix86+x86_64 0.1.2 7.00 40.00 47.00 NOTE

Check Details

Version: 0.1.2
Check: LazyData
Result: NOTE
     'LazyData' is specified without a 'data' directory
Flavors: r-devel-linux-x86_64-debian-clang, r-devel-linux-x86_64-debian-gcc, r-devel-linux-x86_64-fedora-clang, r-devel-linux-x86_64-fedora-gcc, r-devel-windows-x86_64, r-patched-linux-x86_64, r-release-linux-x86_64, r-release-macos-arm64, r-release-macos-x86_64, r-release-windows-x86_64, r-oldrel-macos-arm64, r-oldrel-macos-x86_64, r-oldrel-windows-ix86+x86_64