CRAN Package Check Results for Package exceedProb

Last updated on 2022-10-01 03:54:08 CEST.

Flavor Version Tinstall Tcheck Ttotal Status Flags
r-devel-linux-x86_64-debian-clang 0.0.1 29.35 27.93 57.28 NOTE
r-devel-linux-x86_64-debian-gcc 0.0.1 24.59 21.68 46.27 NOTE
r-devel-linux-x86_64-fedora-clang 0.0.1 97.42 NOTE
r-devel-linux-x86_64-fedora-gcc 0.0.1 88.69 NOTE
r-devel-windows-x86_64 0.0.1 32.00 72.00 104.00 NOTE
r-patched-linux-x86_64 0.0.1 24.23 26.89 51.12 NOTE
r-release-linux-x86_64 0.0.1 26.07 26.87 52.94 NOTE
r-release-macos-arm64 0.0.1 24.00 NOTE
r-release-macos-x86_64 0.0.1 33.00 NOTE
r-release-windows-x86_64 0.0.1 31.00 71.00 102.00 NOTE
r-oldrel-macos-arm64 0.0.1 30.00 NOTE
r-oldrel-macos-x86_64 0.0.1 48.00 NOTE
r-oldrel-windows-ix86+x86_64 0.0.1 77.00 74.00 151.00 NOTE

Check Details

Version: 0.0.1
Check: LazyData
Result: NOTE
     'LazyData' is specified without a 'data' directory
Flavors: r-devel-linux-x86_64-debian-clang, r-devel-linux-x86_64-debian-gcc, r-devel-linux-x86_64-fedora-clang, r-devel-linux-x86_64-fedora-gcc, r-devel-windows-x86_64, r-patched-linux-x86_64, r-release-linux-x86_64, r-release-macos-arm64, r-release-macos-x86_64, r-release-windows-x86_64, r-oldrel-macos-arm64, r-oldrel-macos-x86_64, r-oldrel-windows-ix86+x86_64