Last updated on 2022-06-26 15:52:58 CEST.
Flavor | Version | Tinstall | Tcheck | Ttotal | Status | Flags |
---|---|---|---|---|---|---|
r-devel-linux-x86_64-debian-clang | 2.3-6 | 19.08 | 182.51 | 201.59 | NOTE | |
r-devel-linux-x86_64-debian-gcc | 2.3-6 | 13.32 | 143.94 | 157.26 | NOTE | |
r-devel-linux-x86_64-fedora-clang | 2.3-6 | 270.04 | NOTE | |||
r-devel-linux-x86_64-fedora-gcc | 2.3-6 | 256.93 | NOTE | |||
r-devel-windows-x86_64 | 2.3-6 | 56.00 | 370.00 | 426.00 | NOTE | |
r-patched-linux-x86_64 | 2.3-6 | 16.97 | 179.44 | 196.41 | OK | |
r-release-linux-x86_64 | 2.3-6 | 15.43 | 178.16 | 193.59 | OK | |
r-release-macos-arm64 | 2.3-6 | 137.00 | OK | |||
r-release-macos-x86_64 | 2.3-6 | 182.00 | OK | |||
r-release-windows-x86_64 | 2.3-6 | 73.00 | 366.00 | 439.00 | OK | |
r-oldrel-macos-arm64 | 2.3-6 | 173.00 | OK | |||
r-oldrel-macos-x86_64 | 2.3-6 | 294.00 | OK | |||
r-oldrel-windows-ix86+x86_64 | 2.3-6 | 26.00 | 362.00 | 388.00 | OK |
Version: 2.3-6
Check: Rd files
Result: NOTE
checkRd: (-1) exams2blackboard.Rd:152: Escaped LaTeX specials: \&
checkRd: (-1) exams2qti12.Rd:186: Escaped LaTeX specials: \&
Flavors: r-devel-linux-x86_64-debian-clang, r-devel-linux-x86_64-debian-gcc, r-devel-linux-x86_64-fedora-clang, r-devel-linux-x86_64-fedora-gcc, r-devel-windows-x86_64