Last updated on 2022-06-26 03:50:00 CEST.
Flavor | Version | Tinstall | Tcheck | Ttotal | Status | Flags |
---|---|---|---|---|---|---|
r-devel-linux-x86_64-debian-clang | 0.3.0 | 7.95 | 73.37 | 81.32 | NOTE | |
r-devel-linux-x86_64-debian-gcc | 0.3.0 | 6.37 | 53.77 | 60.14 | NOTE | |
r-devel-linux-x86_64-fedora-clang | 0.3.0 | 109.80 | NOTE | |||
r-devel-linux-x86_64-fedora-gcc | 0.3.0 | 102.66 | NOTE | |||
r-devel-windows-x86_64 | 0.3.0 | 23.00 | 122.00 | 145.00 | NOTE | |
r-patched-linux-x86_64 | 0.3.0 | 7.60 | 68.58 | 76.18 | NOTE | |
r-release-linux-x86_64 | 0.3.0 | 7.86 | 68.99 | 76.85 | NOTE | |
r-release-macos-arm64 | 0.3.0 | 36.00 | NOTE | |||
r-release-macos-x86_64 | 0.3.0 | 45.00 | NOTE | |||
r-release-windows-x86_64 | 0.3.0 | 22.00 | 126.00 | 148.00 | NOTE | |
r-oldrel-macos-arm64 | 0.3.0 | 29.00 | NOTE | |||
r-oldrel-macos-x86_64 | 0.3.0 | 49.00 | NOTE | |||
r-oldrel-windows-ix86+x86_64 | 0.3.0 | 18.00 | 117.00 | 135.00 | NOTE |
Version: 0.3.0
Check: LazyData
Result: NOTE
'LazyData' is specified without a 'data' directory
Flavors: r-devel-linux-x86_64-debian-clang, r-devel-linux-x86_64-debian-gcc, r-devel-linux-x86_64-fedora-clang, r-devel-linux-x86_64-fedora-gcc, r-devel-windows-x86_64, r-patched-linux-x86_64, r-release-linux-x86_64, r-release-macos-arm64, r-release-macos-x86_64, r-release-windows-x86_64, r-oldrel-macos-arm64, r-oldrel-macos-x86_64, r-oldrel-windows-ix86+x86_64
Version: 0.3.0
Check: dependencies in R code
Result: NOTE
Namespace in Imports field not imported from: ‘parallel’
All declared Imports should be used.
Flavors: r-devel-linux-x86_64-fedora-clang, r-devel-linux-x86_64-fedora-gcc, r-release-macos-arm64, r-release-macos-x86_64, r-oldrel-macos-arm64, r-oldrel-macos-x86_64