CRAN Package Check Results for Package evobiR

Last updated on 2020-09-22 03:49:21 CEST.

Flavor Version Tinstall Tcheck Ttotal Status Flags
r-devel-linux-x86_64-debian-clang 1.1 10.01 81.84 91.85 NOTE
r-devel-linux-x86_64-debian-gcc 1.1 0.33 2.18 2.51 ERROR
r-devel-linux-x86_64-fedora-clang 1.1 128.45 NOTE
r-devel-linux-x86_64-fedora-gcc 1.1 114.77 NOTE
r-devel-windows-ix86+x86_64 1.1 23.00 93.00 116.00 OK
r-patched-linux-x86_64 1.1 8.95 80.78 89.73 NOTE
r-patched-solaris-x86 1.1 179.90 NOTE
r-release-linux-x86_64 1.1 8.37 81.89 90.26 NOTE
r-release-macos-x86_64 1.1 OK
r-release-windows-ix86+x86_64 1.1 24.00 114.00 138.00 OK
r-oldrel-macos-x86_64 1.1 OK
r-oldrel-windows-ix86+x86_64 1.1 15.00 105.00 120.00 OK

Check Details

Version: 1.1
Check: for non-standard things in the check directory
Result: NOTE
    Found the following files/directories:
     'sample .nwk'
Flavors: r-devel-linux-x86_64-debian-clang, r-devel-linux-x86_64-fedora-clang, r-devel-linux-x86_64-fedora-gcc, r-patched-linux-x86_64, r-patched-solaris-x86, r-release-linux-x86_64

Version: 1.1
Check: whether package can be installed
Result: ERROR
    Installation failed.
Flavor: r-devel-linux-x86_64-debian-gcc