Last updated on 2021-01-26 15:49:44 CET.
Flavor | Version | Tinstall | Tcheck | Ttotal | Status | Flags |
---|---|---|---|---|---|---|
r-devel-linux-x86_64-debian-clang | 0.1.4 | 215.46 | 62.94 | 278.40 | OK | |
r-devel-linux-x86_64-debian-gcc | 0.1.4 | 146.74 | 47.38 | 194.12 | OK | |
r-devel-linux-x86_64-fedora-clang | 0.1.4 | 408.82 | NOTE | |||
r-devel-linux-x86_64-fedora-gcc | 0.1.4 | 360.33 | OK | |||
r-devel-windows-ix86+x86_64 | 0.1.4 | 520.00 | 112.00 | 632.00 | OK | |
r-patched-linux-x86_64 | 0.1.4 | 173.56 | 56.68 | 230.24 | OK | |
r-patched-solaris-x86 | 0.1.4 | 301.90 | OK | |||
r-release-linux-x86_64 | 0.1.4 | 173.52 | 57.52 | 231.04 | OK | |
r-release-macos-x86_64 | 0.1.4 | NOTE | ||||
r-release-windows-ix86+x86_64 | 0.1.4 | 506.00 | 88.00 | 594.00 | OK | |
r-oldrel-macos-x86_64 | 0.1.4 | NOTE | ||||
r-oldrel-windows-ix86+x86_64 | 0.1.4 | 398.00 | 103.00 | 501.00 | OK |
Version: 0.1.4
Check: installed package size
Result: NOTE
installed size is 8.0Mb
sub-directories of 1Mb or more:
libs 7.1Mb
Flavors: r-devel-linux-x86_64-fedora-clang, r-release-macos-x86_64, r-oldrel-macos-x86_64