CRAN Package Check Results for Package evgam

Last updated on 2022-09-27 03:55:51 CEST.

Flavor Version Tinstall Tcheck Ttotal Status Flags
r-devel-linux-x86_64-debian-clang 1.0.0 223.69 64.97 288.66 OK
r-devel-linux-x86_64-debian-gcc 1.0.0 179.48 49.78 229.26 OK
r-devel-linux-x86_64-fedora-clang 1.0.0 451.00 OK
r-devel-linux-x86_64-fedora-gcc 1.0.0 408.66 OK
r-devel-windows-x86_64 1.0.0 167.00 121.00 288.00 OK
r-patched-linux-x86_64 1.0.0 201.00 60.98 261.98 OK
r-release-linux-x86_64 1.0.0 189.49 62.61 252.10 OK
r-release-macos-arm64 1.0.0 92.00 NOTE
r-release-macos-x86_64 1.0.0 110.00 NOTE
r-release-windows-x86_64 1.0.0 170.00 125.00 295.00 OK
r-oldrel-macos-arm64 1.0.0 86.00 NOTE
r-oldrel-macos-x86_64 1.0.0 108.00 NOTE
r-oldrel-windows-ix86+x86_64 1.0.0 540.00 122.00 662.00 OK

Check Details

Version: 1.0.0
Check: installed package size
Result: NOTE
     installed size is 7.5Mb
     sub-directories of 1Mb or more:
     libs 6.7Mb
Flavors: r-release-macos-arm64, r-release-macos-x86_64, r-oldrel-macos-arm64, r-oldrel-macos-x86_64