CRAN Package Check Results for Package eulerr

Last updated on 2018-02-26 03:48:52 CET.

Flavor Version Tinstall Tcheck Ttotal Status Flags
r-devel-linux-x86_64-debian-clang 4.0.0 59.09 62.24 121.33 OK
r-devel-linux-x86_64-debian-gcc 4.0.0 51.00 54.55 105.55 OK
r-devel-linux-x86_64-fedora-clang 4.0.0 187.98 NOTE
r-devel-linux-x86_64-fedora-gcc 4.0.0 177.81 NOTE
r-devel-windows-ix86+x86_64 4.0.0 177.00 195.00 372.00 OK
r-patched-linux-x86_64 4.0.0 62.56 81.54 144.10 OK
r-patched-solaris-x86 4.0.0 193.60 OK
r-release-linux-x86_64 4.0.0 62.40 81.63 144.03 OK
r-release-windows-ix86+x86_64 4.0.0 185.00 181.00 366.00 OK
r-release-osx-x86_64 4.0.0 OK
r-oldrel-windows-ix86+x86_64 4.0.0 125.00 122.00 247.00 OK
r-oldrel-osx-x86_64 3.1.0 NOTE

Check Details

Version: 4.0.0
Check: installed package size
Result: NOTE
     installed size is 5.4Mb
     sub-directories of 1Mb or more:
     libs 4.7Mb
Flavors: r-devel-linux-x86_64-fedora-clang, r-devel-linux-x86_64-fedora-gcc

Version: 3.1.0
Check: installed package size
Result: NOTE
     installed size is 5.2Mb
     sub-directories of 1Mb or more:
     libs 4.7Mb
Flavor: r-oldrel-osx-x86_64