CRAN Package Check Results for Package eulerr

Last updated on 2018-08-20 15:51:37 CEST.

Flavor Version Tinstall Tcheck Ttotal Status Flags
r-devel-linux-x86_64-debian-clang 4.1.0 62.14 75.37 137.51 OK
r-devel-linux-x86_64-debian-gcc 4.1.0 54.62 59.84 114.46 OK
r-devel-linux-x86_64-fedora-clang 4.1.0 186.16 NOTE
r-devel-linux-x86_64-fedora-gcc 4.1.0 178.73 OK
r-devel-windows-ix86+x86_64 4.1.0 176.00 158.00 334.00 OK
r-patched-linux-x86_64 4.1.0 66.45 72.24 138.69 OK
r-patched-solaris-x86 4.1.0 195.90 OK
r-release-linux-x86_64 4.1.0 67.74 72.04 139.78 OK
r-release-windows-ix86+x86_64 4.1.0 176.00 195.00 371.00 OK
r-release-osx-x86_64 4.1.0 NOTE
r-oldrel-windows-ix86+x86_64 4.1.0 126.00 149.00 275.00 OK
r-oldrel-osx-x86_64 4.1.0 NOTE

Check Details

Version: 4.1.0
Check: installed package size
Result: NOTE
     installed size is 5.7Mb
     sub-directories of 1Mb or more:
     libs 4.9Mb
Flavors: r-devel-linux-x86_64-fedora-clang, r-release-osx-x86_64, r-oldrel-osx-x86_64