CRAN Package Check Results for Package eulerr

Last updated on 2018-05-25 03:47:03 CEST.

Flavor Version Tinstall Tcheck Ttotal Status Flags
r-devel-linux-x86_64-debian-clang 4.1.0 65.55 65.33 130.88 OK
r-devel-linux-x86_64-debian-gcc 4.1.0 52.81 58.52 111.33 OK
r-devel-linux-x86_64-fedora-clang 4.1.0 193.74 NOTE
r-devel-linux-x86_64-fedora-gcc 4.1.0 181.74 NOTE
r-devel-windows-ix86+x86_64 4.1.0 129.00 144.00 273.00 OK
r-patched-linux-x86_64 4.1.0 60.41 71.41 131.82 OK
r-patched-solaris-x86 4.1.0 201.70 OK
r-release-linux-x86_64 4.1.0 65.84 71.94 137.78 OK
r-release-windows-ix86+x86_64 4.1.0 171.00 171.00 342.00 OK
r-release-osx-x86_64 4.1.0 NOTE
r-oldrel-windows-ix86+x86_64 4.1.0 178.00 139.00 317.00 OK
r-oldrel-osx-x86_64 4.1.0 NOTE

Check Details

Version: 4.1.0
Check: installed package size
Result: NOTE
     installed size is 5.5Mb
     sub-directories of 1Mb or more:
     libs 4.7Mb
Flavors: r-devel-linux-x86_64-fedora-clang, r-devel-linux-x86_64-fedora-gcc, r-release-osx-x86_64, r-oldrel-osx-x86_64