CRAN Package Check Results for Package estimatr

Last updated on 2022-06-30 03:53:22 CEST.

Flavor Version Tinstall Tcheck Ttotal Status Flags
r-devel-linux-x86_64-debian-clang 0.30.6 94.45 148.56 243.01 ERROR
r-devel-linux-x86_64-debian-gcc 0.30.6 75.46 114.42 189.88 ERROR
r-devel-linux-x86_64-fedora-clang 0.30.6 348.59 ERROR
r-devel-linux-x86_64-fedora-gcc 0.30.6 325.04 ERROR
r-devel-windows-x86_64 0.30.6 101.00 190.00 291.00 NOTE
r-patched-linux-x86_64 0.30.6 81.61 143.97 225.58 ERROR
r-release-linux-x86_64 0.30.6 81.35 145.90 227.25 ERROR
r-release-macos-arm64 0.30.6 80.00 NOTE
r-release-macos-x86_64 0.30.6 107.00 NOTE
r-release-windows-x86_64 0.30.6 112.00 198.00 310.00 OK
r-oldrel-macos-arm64 0.30.6 76.00 NOTE
r-oldrel-macos-x86_64 0.30.6 106.00 NOTE
r-oldrel-windows-ix86+x86_64 0.30.6 211.00 253.00 464.00 OK

Check Details

Version: 0.30.6
Check: package dependencies
Result: NOTE
    Package suggested but not available for checking: 'ivpack'
Flavors: r-devel-linux-x86_64-debian-clang, r-devel-linux-x86_64-debian-gcc, r-devel-linux-x86_64-fedora-clang, r-devel-linux-x86_64-fedora-gcc, r-patched-linux-x86_64, r-release-linux-x86_64

Version: 0.30.6
Check: Rd files
Result: NOTE
    checkRd: (-1) lm_robust.Rd:246: Escaped LaTeX specials: \&
Flavors: r-devel-linux-x86_64-debian-clang, r-devel-linux-x86_64-debian-gcc, r-devel-linux-x86_64-fedora-clang, r-devel-linux-x86_64-fedora-gcc, r-devel-windows-x86_64

Version: 0.30.6
Check: tests
Result: ERROR
     Running 'sleep.R' [1s/1s]
     Comparing 'sleep.Rout' to 'sleep.Rout.save' ... OK
     Running 'testthat.R' [44s/55s]
    Running the tests in 'tests/testthat.R' failed.
    Complete output:
     > library(testthat)
     > library(estimatr)
     >
     > test_check("estimatr")
     [ FAIL 1 | WARN 0 | SKIP 5 | PASS 1267 ]
    
     == Skipped tests ===============================================================
     * On CRAN (3)
     * ivpack cannot be loaded (1)
     * modelsummary non reproducible errors (1)
    
     == Failed tests ================================================================
     -- Error (test-iv-robust.R:330:3): iv_robust different specifications work -----
     <packageNotFoundError/error/condition>
     Error in `loadNamespace(x)`: there is no package called 'ivpack'
     Backtrace:
     x
     1. +-testthat::capture_output(ivpo <- ivpack::robust.se(ivo)) at test-iv-robust.R:330:2
     2. | \-testthat::capture_output_lines(code, print, width = width)
     3. | \-testthat:::eval_with_output(code, print = print, width = width)
     4. | +-withr::with_output_sink(path, withVisible(code))
     5. | | \-base::force(code)
     6. | \-base::withVisible(code)
     7. \-base::loadNamespace(x)
     8. \-base::withRestarts(stop(cond), retry_loadNamespace = function() NULL)
     9. \-base withOneRestart(expr, restarts[[1L]])
     10. \-base doWithOneRestart(return(expr), restart)
    
     [ FAIL 1 | WARN 0 | SKIP 5 | PASS 1267 ]
     Error: Test failures
     Execution halted
Flavor: r-devel-linux-x86_64-debian-clang

Version: 0.30.6
Check: tests
Result: ERROR
     Running ‘sleep.R’ [1s/1s]
     Comparing ‘sleep.Rout’ to ‘sleep.Rout.save’ ... OK
     Running ‘testthat.R’ [32s/48s]
    Running the tests in ‘tests/testthat.R’ failed.
    Complete output:
     > library(testthat)
     > library(estimatr)
     >
     > test_check("estimatr")
     [ FAIL 1 | WARN 0 | SKIP 5 | PASS 1267 ]
    
     ══ Skipped tests ═══════════════════════════════════════════════════════════════
     • On CRAN (3)
     • ivpack cannot be loaded (1)
     • modelsummary non reproducible errors (1)
    
     ══ Failed tests ════════════════════════════════════════════════════════════════
     ── Error (test-iv-robust.R:330:3): iv_robust different specifications work ─────
     <packageNotFoundError/error/condition>
     Error in `loadNamespace(x)`: there is no package called 'ivpack'
     Backtrace:
     ▆
     1. ├─testthat::capture_output(ivpo <- ivpack::robust.se(ivo)) at test-iv-robust.R:330:2
     2. │ └─testthat::capture_output_lines(code, print, width = width)
     3. │ └─testthat:::eval_with_output(code, print = print, width = width)
     4. │ ├─withr::with_output_sink(path, withVisible(code))
     5. │ │ └─base::force(code)
     6. │ └─base::withVisible(code)
     7. └─base::loadNamespace(x)
     8. └─base::withRestarts(stop(cond), retry_loadNamespace = function() NULL)
     9. └─base (local) withOneRestart(expr, restarts[[1L]])
     10. └─base (local) doWithOneRestart(return(expr), restart)
    
     [ FAIL 1 | WARN 0 | SKIP 5 | PASS 1267 ]
     Error: Test failures
     Execution halted
Flavor: r-devel-linux-x86_64-debian-gcc

Version: 0.30.6
Check: installed package size
Result: NOTE
     installed size is 23.4Mb
     sub-directories of 1Mb or more:
     libs 23.0Mb
Flavors: r-devel-linux-x86_64-fedora-clang, r-release-macos-arm64, r-release-macos-x86_64, r-oldrel-macos-arm64, r-oldrel-macos-x86_64

Version: 0.30.6
Check: tests
Result: ERROR
     Running ‘sleep.R’
     Comparing ‘sleep.Rout’ to ‘sleep.Rout.save’ ... OK
     Running ‘testthat.R’ [52s/142s]
    Running the tests in ‘tests/testthat.R’ failed.
    Complete output:
     > library(testthat)
     > library(estimatr)
     >
     > test_check("estimatr")
     [ FAIL 1 | WARN 0 | SKIP 5 | PASS 1267 ]
    
     ══ Skipped tests ═══════════════════════════════════════════════════════════════
     • On CRAN (3)
     • ivpack cannot be loaded (1)
     • modelsummary non reproducible errors (1)
    
     ══ Failed tests ════════════════════════════════════════════════════════════════
     ── Error (test-iv-robust.R:330:3): iv_robust different specifications work ─────
     <packageNotFoundError/error/condition>
     Error in `loadNamespace(x)`: there is no package called 'ivpack'
     Backtrace:
     ▆
     1. ├─testthat::capture_output(ivpo <- ivpack::robust.se(ivo)) at test-iv-robust.R:330:2
     2. │ └─testthat::capture_output_lines(code, print, width = width)
     3. │ └─testthat:::eval_with_output(code, print = print, width = width)
     4. │ ├─withr::with_output_sink(path, withVisible(code))
     5. │ │ └─base::force(code)
     6. │ └─base::withVisible(code)
     7. └─base::loadNamespace(x)
     8. └─base::withRestarts(stop(cond), retry_loadNamespace = function() NULL)
     9. └─base (local) withOneRestart(expr, restarts[[1L]])
     10. └─base (local) doWithOneRestart(return(expr), restart)
    
     [ FAIL 1 | WARN 0 | SKIP 5 | PASS 1267 ]
     Error: Test failures
     Execution halted
Flavor: r-devel-linux-x86_64-fedora-clang

Version: 0.30.6
Check: tests
Result: ERROR
     Running ‘sleep.R’
     Comparing ‘sleep.Rout’ to ‘sleep.Rout.save’ ... OK
     Running ‘testthat.R’ [54s/55s]
    Running the tests in ‘tests/testthat.R’ failed.
    Complete output:
     > library(testthat)
     > library(estimatr)
     >
     > test_check("estimatr")
     [ FAIL 1 | WARN 0 | SKIP 5 | PASS 1267 ]
    
     ══ Skipped tests ═══════════════════════════════════════════════════════════════
     • On CRAN (3)
     • ivpack cannot be loaded (1)
     • modelsummary non reproducible errors (1)
    
     ══ Failed tests ════════════════════════════════════════════════════════════════
     ── Error (test-iv-robust.R:330:3): iv_robust different specifications work ─────
     <packageNotFoundError/error/condition>
     Error in `loadNamespace(x)`: there is no package called 'ivpack'
     Backtrace:
     ▆
     1. ├─testthat::capture_output(ivpo <- ivpack::robust.se(ivo)) at test-iv-robust.R:330:2
     2. │ └─testthat::capture_output_lines(code, print, width = width)
     3. │ └─testthat:::eval_with_output(code, print = print, width = width)
     4. │ ├─withr::with_output_sink(path, withVisible(code))
     5. │ │ └─base::force(code)
     6. │ └─base::withVisible(code)
     7. └─base::loadNamespace(x)
     8. └─base::withRestarts(stop(cond), retry_loadNamespace = function() NULL)
     9. └─base (local) withOneRestart(expr, restarts[[1L]])
     10. └─base (local) doWithOneRestart(return(expr), restart)
    
     [ FAIL 1 | WARN 0 | SKIP 5 | PASS 1267 ]
     Error: Test failures
     Execution halted
Flavor: r-devel-linux-x86_64-fedora-gcc

Version: 0.30.6
Check: tests
Result: ERROR
     Running ‘sleep.R’ [1s/1s]
     Comparing ‘sleep.Rout’ to ‘sleep.Rout.save’ ... OK
     Running ‘testthat.R’ [41s/49s]
    Running the tests in ‘tests/testthat.R’ failed.
    Complete output:
     > library(testthat)
     > library(estimatr)
     >
     > test_check("estimatr")
     [ FAIL 1 | WARN 0 | SKIP 5 | PASS 1267 ]
    
     ══ Skipped tests ═══════════════════════════════════════════════════════════════
     • On CRAN (3)
     • ivpack cannot be loaded (1)
     • modelsummary non reproducible errors (1)
    
     ══ Failed tests ════════════════════════════════════════════════════════════════
     ── Error (test-iv-robust.R:330:3): iv_robust different specifications work ─────
     <packageNotFoundError/error/condition>
     Error in `loadNamespace(x)`: there is no package called 'ivpack'
     Backtrace:
     ▆
     1. ├─testthat::capture_output(ivpo <- ivpack::robust.se(ivo)) at test-iv-robust.R:330:2
     2. │ └─testthat::capture_output_lines(code, print, width = width)
     3. │ └─testthat:::eval_with_output(code, print = print, width = width)
     4. │ ├─withr::with_output_sink(path, withVisible(code))
     5. │ │ └─base::force(code)
     6. │ └─base::withVisible(code)
     7. └─base::loadNamespace(x)
     8. └─base::withRestarts(stop(cond), retry_loadNamespace = function() NULL)
     9. └─base (local) withOneRestart(expr, restarts[[1L]])
     10. └─base (local) doWithOneRestart(return(expr), restart)
    
     [ FAIL 1 | WARN 0 | SKIP 5 | PASS 1267 ]
     Error: Test failures
     Execution halted
Flavor: r-patched-linux-x86_64

Version: 0.30.6
Check: tests
Result: ERROR
     Running ‘sleep.R’ [1s/1s]
     Comparing ‘sleep.Rout’ to ‘sleep.Rout.save’ ... OK
     Running ‘testthat.R’ [42s/50s]
    Running the tests in ‘tests/testthat.R’ failed.
    Complete output:
     > library(testthat)
     > library(estimatr)
     >
     > test_check("estimatr")
     [ FAIL 1 | WARN 0 | SKIP 5 | PASS 1267 ]
    
     ══ Skipped tests ═══════════════════════════════════════════════════════════════
     • On CRAN (3)
     • ivpack cannot be loaded (1)
     • modelsummary non reproducible errors (1)
    
     ══ Failed tests ════════════════════════════════════════════════════════════════
     ── Error (test-iv-robust.R:330:3): iv_robust different specifications work ─────
     <packageNotFoundError/error/condition>
     Error in `loadNamespace(x)`: there is no package called 'ivpack'
     Backtrace:
     ▆
     1. ├─testthat::capture_output(ivpo <- ivpack::robust.se(ivo)) at test-iv-robust.R:330:2
     2. │ └─testthat::capture_output_lines(code, print, width = width)
     3. │ └─testthat:::eval_with_output(code, print = print, width = width)
     4. │ ├─withr::with_output_sink(path, withVisible(code))
     5. │ │ └─base::force(code)
     6. │ └─base::withVisible(code)
     7. └─base::loadNamespace(x)
     8. └─base::withRestarts(stop(cond), retry_loadNamespace = function() NULL)
     9. └─base withOneRestart(expr, restarts[[1L]])
     10. └─base doWithOneRestart(return(expr), restart)
    
     [ FAIL 1 | WARN 0 | SKIP 5 | PASS 1267 ]
     Error: Test failures
     Execution halted
Flavor: r-release-linux-x86_64