CRAN Package Check Results for Package estatapi

Last updated on 2022-10-07 15:52:55 CEST.

Flavor Version Tinstall Tcheck Ttotal Status Flags
r-devel-linux-x86_64-debian-clang 0.4.0 3.21 32.63 35.84 NOTE
r-devel-linux-x86_64-debian-gcc 0.4.0 2.21 25.15 27.36 NOTE
r-devel-linux-x86_64-fedora-clang 0.4.0 56.80 NOTE
r-devel-linux-x86_64-fedora-gcc 0.4.0 58.05 NOTE
r-devel-windows-x86_64 0.4.0 17.00 58.00 75.00 NOTE
r-patched-linux-x86_64 0.4.0 2.07 30.59 32.66 NOTE
r-release-linux-x86_64 0.4.0 3.22 30.27 33.49 NOTE
r-release-macos-arm64 0.4.0 17.00 NOTE
r-release-macos-x86_64 0.4.0 31.00 NOTE
r-release-windows-x86_64 0.4.0 18.00 58.00 76.00 NOTE
r-oldrel-macos-arm64 0.4.0 24.00 NOTE
r-oldrel-macos-x86_64 0.4.0 28.00 NOTE
r-oldrel-windows-ix86+x86_64 0.4.0 10.00 60.00 70.00 NOTE

Check Details

Version: 0.4.0
Check: LazyData
Result: NOTE
     'LazyData' is specified without a 'data' directory
Flavors: r-devel-linux-x86_64-debian-clang, r-devel-linux-x86_64-debian-gcc, r-devel-linux-x86_64-fedora-clang, r-devel-linux-x86_64-fedora-gcc, r-devel-windows-x86_64, r-patched-linux-x86_64, r-release-linux-x86_64, r-release-macos-arm64, r-release-macos-x86_64, r-release-windows-x86_64, r-oldrel-macos-arm64, r-oldrel-macos-x86_64, r-oldrel-windows-ix86+x86_64