Last updated on 2025-01-25 03:49:50 CET.
Flavor | Version | Tinstall | Tcheck | Ttotal | Status | Flags |
---|---|---|---|---|---|---|
r-devel-linux-x86_64-debian-clang | 0.1.10 | 33.51 | 963.79 | 997.30 | OK | |
r-devel-linux-x86_64-debian-gcc | 0.1.10 | 24.97 | 629.36 | 654.33 | OK | |
r-devel-linux-x86_64-fedora-clang | 0.1.10 | 1602.52 | OK | |||
r-devel-linux-x86_64-fedora-gcc | 0.1.10 | 1513.14 | OK | |||
r-devel-windows-x86_64 | 0.1.10 | 32.00 | 872.00 | 904.00 | OK | |
r-patched-linux-x86_64 | 0.1.10 | 37.15 | 905.84 | 942.99 | OK | |
r-release-linux-x86_64 | 0.1.10 | 35.90 | 910.31 | 946.21 | OK | |
r-release-macos-arm64 | 0.1.10 | 354.00 | NOTE | |||
r-release-macos-x86_64 | 0.1.10 | 927.00 | NOTE | |||
r-release-windows-x86_64 | 0.1.10 | 30.00 | 853.00 | 883.00 | NOTE | |
r-oldrel-macos-arm64 | 0.1.10 | 491.00 | NOTE | |||
r-oldrel-macos-x86_64 | 0.1.10 | 971.00 | NOTE | |||
r-oldrel-windows-x86_64 | 0.1.10 | 41.00 | 1130.00 | 1171.00 | NOTE |
Version: 0.1.10
Check: installed package size
Result: NOTE
installed size is 14.1Mb
sub-directories of 1Mb or more:
doc 13.3Mb
Flavors: r-release-macos-arm64, r-release-macos-x86_64, r-release-windows-x86_64, r-oldrel-macos-arm64, r-oldrel-macos-x86_64, r-oldrel-windows-x86_64