CRAN Package Check Results for Package escalation

Last updated on 2022-08-14 03:51:01 CEST.

Flavor Version Tinstall Tcheck Ttotal Status Flags
r-devel-linux-x86_64-debian-clang 0.1.4 23.23 646.07 669.30 NOTE
r-devel-linux-x86_64-debian-gcc 0.1.4 17.55 457.31 474.86 NOTE
r-devel-linux-x86_64-fedora-clang 0.1.4 776.01 NOTE
r-devel-linux-x86_64-fedora-gcc 0.1.4 777.97 NOTE
r-devel-windows-x86_64 0.1.4 138.00 727.00 865.00 NOTE
r-patched-linux-x86_64 0.1.4 29.08 597.71 626.79 NOTE
r-release-linux-x86_64 0.1.4 20.11 598.44 618.55 NOTE
r-release-macos-arm64 0.1.4 178.00 NOTE
r-release-macos-x86_64 0.1.4 337.00 NOTE
r-release-windows-x86_64 0.1.4 203.00 728.00 931.00 NOTE
r-oldrel-macos-arm64 0.1.4 344.00 NOTE
r-oldrel-macos-x86_64 0.1.4 322.00 NOTE
r-oldrel-windows-ix86+x86_64 0.1.4 52.00 813.00 865.00 NOTE

Check Details

Version: 0.1.4
Check: LazyData
Result: NOTE
     'LazyData' is specified without a 'data' directory
Flavors: r-devel-linux-x86_64-debian-clang, r-devel-linux-x86_64-debian-gcc, r-devel-linux-x86_64-fedora-clang, r-devel-linux-x86_64-fedora-gcc, r-devel-windows-x86_64, r-patched-linux-x86_64, r-release-linux-x86_64, r-release-macos-arm64, r-release-macos-x86_64, r-release-windows-x86_64, r-oldrel-macos-arm64, r-oldrel-macos-x86_64, r-oldrel-windows-ix86+x86_64

Version: 0.1.4
Check: installed package size
Result: NOTE
     installed size is 13.7Mb
     sub-directories of 1Mb or more:
     doc 13.1Mb
Flavors: r-devel-linux-x86_64-fedora-clang, r-devel-windows-x86_64, r-release-macos-arm64, r-release-macos-x86_64, r-release-windows-x86_64, r-oldrel-macos-arm64, r-oldrel-macos-x86_64, r-oldrel-windows-ix86+x86_64