CRAN Package Check Results for Package erp.easy

Last updated on 2024-07-24 15:51:36 CEST.

Flavor Version Tinstall Tcheck Ttotal Status Flags
r-devel-linux-x86_64-debian-clang 1.1.0 4.03 34.28 38.31 OK
r-devel-linux-x86_64-debian-gcc 1.1.0 2.67 25.86 28.53 OK
r-devel-linux-x86_64-fedora-clang 1.1.0 49.89 NOTE
r-devel-linux-x86_64-fedora-gcc 1.1.0 46.01 NOTE
r-devel-windows-x86_64 1.1.0 5.00 48.00 53.00 OK
r-patched-linux-x86_64 1.1.0 3.98 33.80 37.78 OK
r-release-linux-x86_64 1.1.0 4.18 33.24 37.42 OK
r-release-macos-arm64 1.1.0 18.00 OK
r-release-macos-x86_64 1.1.0 26.00 OK
r-release-windows-x86_64 1.1.0 4.00 48.00 52.00 OK
r-oldrel-macos-arm64 1.1.0 21.00 OK
r-oldrel-macos-x86_64 1.1.0 29.00 OK
r-oldrel-windows-x86_64 1.1.0 5.00 50.00 55.00 OK

Check Details

Version: 1.1.0
Check: dependencies in R code
Result: NOTE Namespace in Imports field not imported from: ‘signal’ All declared Imports should be used. Flavors: r-devel-linux-x86_64-fedora-clang, r-devel-linux-x86_64-fedora-gcc