CRAN Package Check Results for Package ergm.rank

Last updated on 2022-10-07 15:52:55 CEST.

Flavor Version Tinstall Tcheck Ttotal Status Flags
r-devel-linux-x86_64-debian-clang 4.1.0 15.49 453.33 468.82 OK
r-devel-linux-x86_64-debian-gcc 4.1.0 9.18 330.01 339.19 WARN
r-devel-linux-x86_64-fedora-clang 4.1.0 739.99 WARN
r-devel-linux-x86_64-fedora-gcc 4.1.0 624.53 WARN
r-devel-windows-x86_64 4.1.0 26.00 656.00 682.00 OK
r-patched-linux-x86_64 4.1.0 35.50 524.37 559.87 WARN
r-release-linux-x86_64 4.1.0 12.43 489.24 501.67 OK
r-release-macos-arm64 4.1.0 195.00 OK
r-release-macos-x86_64 4.1.0 356.00 OK
r-release-windows-x86_64 4.1.0 27.00 456.00 483.00 OK
r-oldrel-macos-arm64 4.1.0 212.00 OK
r-oldrel-macos-x86_64 4.1.0 347.00 OK
r-oldrel-windows-ix86+x86_64 4.1.0 33.00 554.00 587.00 OK

Check Details

Version: 4.1.0
Check: whether package can be installed
Result: WARN
    Found the following significant warnings:
     /home/hornik/tmp/R.check/r-devel-gcc/Work/build/Packages/ergm/include/ergm_state.h:33:1: warning: function declaration isn’t a prototype [-Wstrict-prototypes]
     /home/hornik/tmp/R.check/r-devel-gcc/Work/build/Packages/ergm/include/ergm_stubs.c:380:6: warning: function declaration isn’t a prototype [-Wstrict-prototypes]
     /home/hornik/tmp/R.check/r-devel-gcc/Work/build/Packages/ergm/include/ergm_stubs.c:381:1: warning: function declaration isn’t a prototype [-Wstrict-prototypes]
     /home/hornik/tmp/R.check/r-devel-gcc/Work/build/Packages/ergm/include/ergm_stubs.c:382:1: warning: function declaration isn’t a prototype [-Wstrict-prototypes]
     /home/hornik/tmp/R.check/r-devel-gcc/Work/build/Packages/ergm/include/ergm_wtstate.h:32:1: warning: function declaration isn’t a prototype [-Wstrict-prototypes]
     /home/hornik/tmp/R.check/r-devel-gcc/Work/build/Packages/ergm/include/ergm_stubs.c:585:6: warning: function declaration isn’t a prototype [-Wstrict-prototypes]
     /home/hornik/tmp/R.check/r-devel-gcc/Work/build/Packages/ergm/include/ergm_stubs.c:586:1: warning: function declaration isn’t a prototype [-Wstrict-prototypes]
     /home/hornik/tmp/R.check/r-devel-gcc/Work/build/Packages/ergm/include/ergm_stubs.c:587:1: warning: function declaration isn’t a prototype [-Wstrict-prototypes]
Flavor: r-devel-linux-x86_64-debian-gcc

Version: 4.1.0
Check: compilation flags used
Result: NOTE
    Compilation used the following non-portable flag(s):
     ‘-Wstrict-prototypes’
Flavor: r-devel-linux-x86_64-debian-gcc

Version: 4.1.0
Check: whether package can be installed
Result: WARN
    Found the following significant warnings:
     /data/gannet/ripley/R/test-clang/ergm/include/ergm_state.h:33:25: warning: a function declaration without a prototype is deprecated in all versions of C [-Wstrict-prototypes]
     /data/gannet/ripley/R/test-clang/ergm/include/ergm_stubs.c:380:25: warning: a function declaration without a prototype is deprecated in all versions of C [-Wstrict-prototypes]
     /data/gannet/ripley/R/test-clang/ergm/include/ergm_stubs.c:381:19: warning: a function declaration without a prototype is deprecated in all versions of C [-Wstrict-prototypes]
     /data/gannet/ripley/R/test-clang/ergm/include/ergm_stubs.c:382:30: warning: a function declaration without a prototype is deprecated in all versions of C [-Wstrict-prototypes]
     /data/gannet/ripley/R/test-clang/ergm/include/ergm_wtstate.h:32:27: warning: a function declaration without a prototype is deprecated in all versions of C [-Wstrict-prototypes]
     /data/gannet/ripley/R/test-clang/ergm/include/ergm_stubs.c:585:27: warning: a function declaration without a prototype is deprecated in all versions of C [-Wstrict-prototypes]
     /data/gannet/ripley/R/test-clang/ergm/include/ergm_stubs.c:586:19: warning: a function declaration without a prototype is deprecated in all versions of C [-Wstrict-prototypes]
     /data/gannet/ripley/R/test-clang/ergm/include/ergm_stubs.c:587:30: warning: a function declaration without a prototype is deprecated in all versions of C [-Wstrict-prototypes]
Flavor: r-devel-linux-x86_64-fedora-clang

Version: 4.1.0
Check: whether package can be installed
Result: WARN
    Found the following significant warnings:
     /data/gannet/ripley/R/test-dev/ergm/include/ergm_state.h:33:1: warning: function declaration isn’t a prototype [-Wstrict-prototypes]
     /data/gannet/ripley/R/test-dev/ergm/include/ergm_stubs.c:380:6: warning: function declaration isn’t a prototype [-Wstrict-prototypes]
     /data/gannet/ripley/R/test-dev/ergm/include/ergm_stubs.c:381:1: warning: function declaration isn’t a prototype [-Wstrict-prototypes]
     /data/gannet/ripley/R/test-dev/ergm/include/ergm_stubs.c:382:1: warning: function declaration isn’t a prototype [-Wstrict-prototypes]
     /data/gannet/ripley/R/test-dev/ergm/include/ergm_wtstate.h:32:1: warning: function declaration isn’t a prototype [-Wstrict-prototypes]
     /data/gannet/ripley/R/test-dev/ergm/include/ergm_stubs.c:585:6: warning: function declaration isn’t a prototype [-Wstrict-prototypes]
     /data/gannet/ripley/R/test-dev/ergm/include/ergm_stubs.c:586:1: warning: function declaration isn’t a prototype [-Wstrict-prototypes]
     /data/gannet/ripley/R/test-dev/ergm/include/ergm_stubs.c:587:1: warning: function declaration isn’t a prototype [-Wstrict-prototypes]
Flavor: r-devel-linux-x86_64-fedora-gcc

Version: 4.1.0
Check: whether package can be installed
Result: WARN
    Found the following significant warnings:
     Rd warning: no hsearch.rds meta data for package ergm.rank
Flavor: r-patched-linux-x86_64