CRAN Package Check Results for Package ergm

Last updated on 2024-07-24 03:49:15 CEST.

Flavor Version Tinstall Tcheck Ttotal Status Flags
r-devel-linux-x86_64-debian-clang 4.6.0 90.90 708.72 799.62 NOTE --no-vignettes
r-devel-linux-x86_64-debian-gcc 4.6.0 67.03 509.34 576.37 NOTE --no-vignettes
r-devel-linux-x86_64-fedora-clang 4.6.0 1291.37 NOTE
r-devel-linux-x86_64-fedora-gcc 4.6.0 1246.85 NOTE
r-devel-windows-x86_64 4.6.0 98.00 232.00 330.00 NOTE --no-examples --no-tests --no-vignettes
r-patched-linux-x86_64 4.6.0 101.20 647.23 748.43 WARN --no-vignettes
r-release-linux-x86_64 4.6.0 73.96 671.83 745.79 OK --no-vignettes
r-release-macos-arm64 4.6.0 338.00 NOTE
r-release-macos-x86_64 4.6.0 497.00 NOTE
r-release-windows-x86_64 4.6.0 93.00 234.00 327.00 OK --no-examples --no-tests --no-vignettes
r-oldrel-macos-arm64 4.6.0 413.00 NOTE
r-oldrel-macos-x86_64 4.6.0 628.00 NOTE
r-oldrel-windows-x86_64 4.6.0 114.00 207.00 321.00 OK --no-examples --no-tests --no-vignettes

Check Details

Version: 4.6.0
Flags: --no-vignettes
Check: compiled code
Result: NOTE File ‘ergm/libs/ergm.so’: Found non-API call to R: ‘SET_TYPEOF’ Compiled code should not call non-API entry points in R. See ‘Writing portable packages’ in the ‘Writing R Extensions’ manual, and section ‘Moving into C API compliance’ for issues with the use of non-API entry points. Flavors: r-devel-linux-x86_64-debian-clang, r-devel-linux-x86_64-debian-gcc

Version: 4.6.0
Flags: --no-vignettes
Check: Rd cross-references
Result: NOTE Found the following Rd file(s) with Rd \link{} targets missing package anchors: approx.hotelling.diff.test.Rd: mcmc.list call.ErgmTerm.Rd: network control.ergm.Rd: mcmc.list degreedist.Rd: network ergm-errors.Rd: abort, warn, inform ergm.Rd: network, %v%, %n% ergm.design.Rd: network ergm.estfun.Rd: mcmc, mcmc.list ergm.geodistdist.Rd: network ergm.getnetwork.Rd: network ergm.godfather.Rd: network, mcmc ergmConstraint.Rd: network ergmMPLE.Rd: network ergmReference.Rd: network ergmTerm.Rd: network, %v%, %n% ergm_MCMC_sample.Rd: mcmc.list ergm_dyadgen_select.Rd: network ergm_model.Rd: term_list ergm_plot.mcmc.list.Rd: mcmc.list ergm_preprocess_response.Rd: network ergm_proposal.Rd: term_list ergm_state.Rd: network, tibble, edgelist ergm_symmetrize.Rd: network, tibble ergmlhs.Rd: network get.node.attr.Rd: network geweke.diag.mv.Rd: mcmc, mcmc.list gof.Rd: network is.valued.Rd: edgelist, network network.list.Rd: network nvattr.copy.network.Rd: network, network.initialize, set.vertex.attribute, set.network.attribute rlebdm.Rd: tibble, edgelist, network, as.edgelist samplk.Rd: network sampson.Rd: network san.Rd: network simulate.ergm.Rd: network, mcmc, mcmc.list, edgelist spectrum0.mvar.Rd: spectrum0.ar summary.ergm_model.Rd: network summary.formula.Rd: network summary_formula.Rd: network to_ergm_Cdouble.Rd: network update.network.Rd: network Please provide package anchors for all Rd \link{} targets not in the package itself and the base packages. Flavor: r-devel-linux-x86_64-debian-gcc

Version: 4.6.0
Check: installed package size
Result: NOTE installed size is 5.3Mb sub-directories of 1Mb or more: R 1.0Mb doc 1.7Mb Flavors: r-devel-linux-x86_64-fedora-clang, r-release-macos-arm64, r-release-macos-x86_64, r-oldrel-macos-arm64, r-oldrel-macos-x86_64

Version: 4.6.0
Check: compiled code
Result: NOTE File ‘ergm/libs/ergm.so’: Found non-API call to R: ‘SET_TYPEOF’ Compiled code should not call non-API entry points in R. See ‘Writing portable packages’ in the ‘Writing R Extensions’ manual, and section ‘Moving into C API compliance’ for issues with the use of non-API entry points. Flavors: r-devel-linux-x86_64-fedora-clang, r-devel-linux-x86_64-fedora-gcc

Version: 4.6.0
Flags: --no-examples --no-tests --no-vignettes
Check: Rd cross-references
Result: NOTE Found the following Rd file(s) with Rd \link{} targets missing package anchors: approx.hotelling.diff.test.Rd: mcmc.list call.ErgmTerm.Rd: network control.ergm.Rd: mcmc.list degreedist.Rd: network ergm-errors.Rd: abort, warn, inform ergm.Rd: network, %v%, %n% ergm.design.Rd: network ergm.estfun.Rd: mcmc, mcmc.list ergm.geodistdist.Rd: network ergm.getnetwork.Rd: network ergm.godfather.Rd: network, mcmc ergmConstraint.Rd: network ergmMPLE.Rd: network ergmReference.Rd: network ergmTerm.Rd: network, %v%, %n% ergm_MCMC_sample.Rd: mcmc.list ergm_dyadgen_select.Rd: network ergm_model.Rd: term_list ergm_plot.mcmc.list.Rd: mcmc.list ergm_preprocess_response.Rd: network ergm_proposal.Rd: term_list ergm_state.Rd: network, tibble, edgelist ergm_symmetrize.Rd: network, tibble ergmlhs.Rd: network get.node.attr.Rd: network geweke.diag.mv.Rd: mcmc, mcmc.list gof.Rd: network is.valued.Rd: edgelist, network network.list.Rd: network nvattr.copy.network.Rd: network, network.initialize, set.vertex.attribute, set.network.attribute rlebdm.Rd: tibble, edgelist, network, as.edgelist samplk.Rd: network sampson.Rd: network san.Rd: network simulate.ergm.Rd: network, mcmc, mcmc.list, edgelist spectrum0.mvar.Rd: spectrum0.ar summary.ergm_model.Rd: network summary.formula.Rd: network summary_formula.Rd: network to_ergm_Cdouble.Rd: network update.network.Rd: network Please provide package anchors for all Rd \link{} targets not in the package itself and the base packages. Flavor: r-devel-windows-x86_64

Version: 4.6.0
Flags: --no-examples --no-tests --no-vignettes
Check: compiled code
Result: NOTE File 'ergm/libs/x64/ergm.dll': Found non-API call to R: 'SET_TYPEOF' Compiled code should not call non-API entry points in R. See 'Writing portable packages' in the 'Writing R Extensions' manual, and section 'Moving into C API compliance' for issues with the use of non-API entry points. Flavor: r-devel-windows-x86_64

Version: 4.6.0
Flags: --no-vignettes
Check: whether package can be installed
Result: WARN Found the following significant warnings: Rd warning: no hsearch.rds meta data for package ergm See ‘/home/hornik/tmp/R.check/r-patched-gcc/Work/PKGS/ergm.Rcheck/00install.out’ for details. * used C compiler: ‘gcc-13 (Debian 13.3.0-1) 13.3.0’ Flavor: r-patched-linux-x86_64