CRAN Package Check Results for Package ergm.count

Last updated on 2022-09-30 04:59:08 CEST.

Flavor Version Tinstall Tcheck Ttotal Status Flags
r-devel-linux-x86_64-debian-clang 4.1.1 12.40 698.07 710.47 OK
r-devel-linux-x86_64-debian-gcc 4.1.1 10.25 533.75 544.00 OK
r-devel-linux-x86_64-fedora-clang 4.1.1 894.67 OK
r-devel-linux-x86_64-fedora-gcc 4.1.1 927.70 OK
r-devel-windows-x86_64 4.1.1 36.00 812.00 848.00 OK
r-patched-linux-x86_64 4.1.1 65.82 667.19 733.01 WARN
r-release-linux-x86_64 4.1.1 11.51 644.47 655.98 OK
r-release-macos-arm64 4.1.1 337.00 OK
r-release-macos-x86_64 4.1.1 340.00 OK
r-release-windows-x86_64 4.1.1 37.00 776.00 813.00 OK
r-oldrel-macos-arm64 4.1.1 249.00 OK
r-oldrel-macos-x86_64 4.1.1 291.00 OK
r-oldrel-windows-ix86+x86_64 4.1.1 32.00 800.00 832.00 OK

Check Details

Version: 4.1.1
Check: whether package can be installed
Result: WARN
    Found the following significant warnings:
     Rd warning: no hsearch.rds meta data for package ergm.count
Flavor: r-patched-linux-x86_64