CRAN Package Check Results for Package erah

Last updated on 2022-08-09 15:56:13 CEST.

Flavor Version Tinstall Tcheck Ttotal Status Flags
r-devel-linux-x86_64-debian-clang 1.1.2 18.63 118.59 137.22 OK
r-devel-linux-x86_64-debian-gcc 1.1.2 14.15 92.98 107.13 OK
r-devel-linux-x86_64-fedora-clang 1.1.2 188.97 OK
r-devel-linux-x86_64-fedora-gcc 1.1.2 182.03 OK
r-devel-windows-x86_64 1.1.2 29.00 149.00 178.00 OK
r-patched-linux-x86_64 1.1.2 16.07 115.59 131.66 OK
r-release-linux-x86_64 1.1.2 OK
r-release-macos-arm64 1.1.2 65.00 NOTE
r-release-macos-x86_64 1.1.2 68.00 OK
r-release-windows-x86_64 1.1.2 32.00 145.00 177.00 OK
r-oldrel-macos-arm64 1.1.2 54.00 NOTE
r-oldrel-macos-x86_64 1.1.2 76.00 OK
r-oldrel-windows-ix86+x86_64 1.1.2 39.00 164.00 203.00 OK

Check Details

Version: 1.1.2
Check: package dependencies
Result: NOTE
    Package suggested but not available for checking: ‘mzR’
Flavors: r-release-macos-arm64, r-oldrel-macos-arm64