CRAN Package Check Results for Package equivalence

Last updated on 2021-09-19 03:51:00 CEST.

Flavor Version Tinstall Tcheck Ttotal Status Flags
r-devel-linux-x86_64-debian-clang 0.7.2 7.46 60.44 67.90 OK
r-devel-linux-x86_64-debian-gcc 0.7.2 5.47 44.67 50.14 OK
r-devel-linux-x86_64-fedora-clang 0.7.2 89.00 NOTE
r-devel-linux-x86_64-fedora-gcc 0.7.2 76.20 NOTE
r-devel-windows-x86_64 0.7.2 11.00 82.00 93.00 OK
r-devel-windows-x86_64-gcc10-UCRT 0.7.2 ERROR
r-patched-linux-x86_64 0.7.2 11.22 55.92 67.14 OK
r-patched-solaris-x86 0.7.2 114.60 OK
r-release-linux-x86_64 0.7.2 6.16 55.90 62.06 OK
r-release-macos-arm64 0.7.2 OK
r-release-macos-x86_64 0.7.2 OK
r-release-windows-ix86+x86_64 0.7.2 20.00 73.00 93.00 OK
r-oldrel-macos-x86_64 0.7.2 OK
r-oldrel-windows-ix86+x86_64 0.7.2 22.00 75.00 97.00 OK

Check Details

Version: 0.7.2
Check: compiled code
Result: NOTE
    File ‘equivalence/libs/equivalence.so’:
     Found no calls to: ‘R_registerRoutines’, ‘R_useDynamicSymbols’
    
    It is good practice to register native routines and to disable symbol
    search.
    
    See ‘Writing portable packages’ in the ‘Writing R Extensions’ manual.
Flavors: r-devel-linux-x86_64-fedora-clang, r-devel-linux-x86_64-fedora-gcc

Version: 0.7.2
Check: whether package can be installed
Result: ERROR
    Installation failed.
Flavor: r-devel-windows-x86_64-gcc10-UCRT