CRAN Package Check Results for Package equivalence

Last updated on 2020-09-22 16:02:27 CEST.

Flavor Version Tinstall Tcheck Ttotal Status Flags
r-devel-linux-x86_64-debian-clang 0.7.2 6.59 49.93 56.52 OK
r-devel-linux-x86_64-debian-gcc 0.7.2 5.39 39.22 44.61 OK
r-devel-linux-x86_64-fedora-clang 0.7.2 79.43 NOTE
r-devel-linux-x86_64-fedora-gcc 0.7.2 67.10 NOTE
r-devel-windows-ix86+x86_64 0.7.2 20.00 75.00 95.00 OK
r-patched-linux-x86_64 0.7.2 6.74 47.31 54.05 OK
r-patched-solaris-x86 0.7.2 95.00 OK
r-release-linux-x86_64 0.7.2 6.57 48.31 54.88 OK
r-release-macos-x86_64 0.7.2 OK
r-release-windows-ix86+x86_64 0.7.2 20.00 70.00 90.00 OK
r-oldrel-macos-x86_64 0.7.2 OK
r-oldrel-windows-ix86+x86_64 0.7.2 13.00 83.00 96.00 OK

Check Details

Version: 0.7.2
Check: compiled code
Result: NOTE
    File ‘equivalence/libs/equivalence.so’:
     Found no calls to: ‘R_registerRoutines’, ‘R_useDynamicSymbols’
    
    It is good practice to register native routines and to disable symbol
    search.
    
    See ‘Writing portable packages’ in the ‘Writing R Extensions’ manual.
Flavors: r-devel-linux-x86_64-fedora-clang, r-devel-linux-x86_64-fedora-gcc