CRAN Package Check Results for Package equatiomatic

Last updated on 2024-07-25 04:49:51 CEST.

Flavor Version Tinstall Tcheck Ttotal Status Flags
r-devel-linux-x86_64-debian-clang 0.3.3 7.93 228.28 236.21 OK
r-devel-linux-x86_64-debian-gcc 0.3.3 5.90 176.65 182.55 NOTE
r-devel-linux-x86_64-fedora-clang 0.3.3 293.61 OK
r-devel-linux-x86_64-fedora-gcc 0.3.3 305.46 OK
r-devel-windows-x86_64 0.3.3 10.00 165.00 175.00 NOTE
r-patched-linux-x86_64 0.3.3 13.45 224.77 238.22 OK
r-release-linux-x86_64 0.3.3 4.59 231.40 235.99 OK
r-release-macos-arm64 0.3.3 107.00 OK
r-release-macos-x86_64 0.3.3 144.00 OK
r-release-windows-x86_64 0.3.3 8.00 165.00 173.00 OK
r-oldrel-macos-arm64 0.3.3 112.00 OK
r-oldrel-macos-x86_64 0.3.3 199.00 OK
r-oldrel-windows-x86_64 0.3.3 10.00 194.00 204.00 OK

Check Details

Version: 0.3.3
Check: Rd cross-references
Result: NOTE Found the following Rd file(s) with Rd \link{} targets missing package anchors: renderEq.Rd: shiny Please provide package anchors for all Rd \link{} targets not in the package itself and the base packages. Flavors: r-devel-linux-x86_64-debian-gcc, r-devel-windows-x86_64