CRAN Package Check Results for Package equaltestMI

Last updated on 2022-06-24 15:52:34 CEST.

Flavor Version Tinstall Tcheck Ttotal Status Flags
r-devel-linux-x86_64-debian-clang 0.6.1 4.74 50.61 55.35 OK
r-devel-linux-x86_64-debian-gcc 0.6.1 3.46 38.87 42.33 OK
r-devel-linux-x86_64-fedora-clang 0.6.1 80.50 NOTE
r-devel-linux-x86_64-fedora-gcc 0.6.1 76.33 OK
r-devel-windows-x86_64 0.6.1 32.00 85.00 117.00 OK
r-patched-linux-x86_64 0.6.1 4.04 48.73 52.77 OK
r-release-linux-x86_64 0.6.1 3.57 49.69 53.26 OK
r-release-macos-arm64 0.6.1 26.00 OK
r-release-macos-x86_64 0.6.1 35.00 OK
r-release-windows-x86_64 0.6.1 24.00 84.00 108.00 OK
r-oldrel-macos-arm64 0.6.1 29.00 OK
r-oldrel-macos-x86_64 0.6.1 46.00 OK
r-oldrel-windows-ix86+x86_64 0.6.1 10.00 68.00 78.00 OK

Check Details

Version: 0.6.1
Check: Rd cross-references
Result: NOTE
    Undeclared package ‘OpenMx’ in Rd xrefs
Flavor: r-devel-linux-x86_64-fedora-clang