CRAN Package Check Results for Package epos

Last updated on 2022-09-30 04:59:08 CEST.

Flavor Version Tinstall Tcheck Ttotal Status Flags
r-devel-linux-x86_64-debian-clang 1.0 14.94 145.86 160.80 OK
r-devel-linux-x86_64-debian-gcc 1.0 11.02 109.04 120.06 OK
r-devel-linux-x86_64-fedora-clang 1.0 210.69 NOTE
r-devel-linux-x86_64-fedora-gcc 1.0 209.48 NOTE
r-devel-windows-x86_64 1.0 39.00 183.00 222.00 OK
r-patched-linux-x86_64 1.0 12.96 135.19 148.15 OK
r-release-linux-x86_64 1.0 9.56 135.83 145.39 OK
r-release-macos-arm64 1.0 54.00 NOTE
r-release-macos-x86_64 1.0 88.00 NOTE
r-release-windows-x86_64 1.0 31.00 176.00 207.00 OK
r-oldrel-macos-arm64 1.0 57.00 NOTE
r-oldrel-macos-x86_64 1.0 103.00 NOTE
r-oldrel-windows-ix86+x86_64 1.0 34.00 167.00 201.00 OK

Check Details

Version: 1.0
Check: dependencies in R code
Result: NOTE
    Namespace in Imports field not imported from: ‘testthat’
     All declared Imports should be used.
Flavors: r-devel-linux-x86_64-fedora-clang, r-devel-linux-x86_64-fedora-gcc, r-release-macos-arm64, r-release-macos-x86_64, r-oldrel-macos-arm64, r-oldrel-macos-x86_64

Version: 1.0
Check: data for non-ASCII characters
Result: NOTE
     Note: found 15 marked UTF-8 strings
Flavors: r-devel-linux-x86_64-fedora-clang, r-devel-linux-x86_64-fedora-gcc, r-release-macos-arm64, r-release-macos-x86_64, r-oldrel-macos-arm64, r-oldrel-macos-x86_64