CRAN Package Check Results for Package epitweetr

Last updated on 2022-07-02 15:52:18 CEST.

Flavor Version Tinstall Tcheck Ttotal Status Flags
r-devel-linux-x86_64-debian-clang 2.0.3 20.46 144.05 164.51 NOTE
r-devel-linux-x86_64-debian-gcc 2.0.3 17.22 105.72 122.94 NOTE
r-devel-linux-x86_64-fedora-clang 2.0.3 204.65 NOTE
r-devel-linux-x86_64-fedora-gcc 2.0.3 205.08 NOTE
r-devel-windows-x86_64 2.0.3 82.00 176.00 258.00 NOTE
r-patched-linux-x86_64 2.0.3 12.88 137.02 149.90 NOTE
r-release-linux-x86_64 2.0.3 12.83 132.75 145.58 NOTE
r-release-macos-arm64 2.0.3 81.00 NOTE
r-release-macos-x86_64 2.0.3 111.00 NOTE
r-release-windows-x86_64 2.0.3 83.00 177.00 260.00 NOTE
r-oldrel-macos-arm64 2.0.3 102.00 NOTE
r-oldrel-macos-x86_64 2.0.3 70.00 NOTE
r-oldrel-windows-ix86+x86_64 2.0.3 41.00 176.00 217.00 NOTE

Check Details

Version: 2.0.3
Check: package dependencies
Result: NOTE
    Package suggested but not available for checking: 'taskscheduleR'
Flavors: r-devel-linux-x86_64-debian-clang, r-devel-linux-x86_64-debian-gcc, r-devel-linux-x86_64-fedora-gcc, r-patched-linux-x86_64, r-release-linux-x86_64, r-release-macos-arm64, r-release-macos-x86_64, r-oldrel-macos-arm64, r-oldrel-macos-x86_64

Version: 2.0.3
Check: package dependencies
Result: NOTE
    Package suggested but not available for checking: ‘taskscheduleR’
    
    Imports includes 33 non-default packages.
    Importing from so many packages makes the package vulnerable to any of
    them becoming unavailable. Move as many as possible to Suggests and
    use conditionally.
Flavor: r-devel-linux-x86_64-fedora-clang

Version: 2.0.3
Check: installed package size
Result: NOTE
     installed size is 5.2Mb
     sub-directories of 1Mb or more:
     doc 3.1Mb
     java 1.3Mb
Flavors: r-devel-linux-x86_64-fedora-clang, r-devel-windows-x86_64, r-release-macos-arm64, r-release-macos-x86_64, r-release-windows-x86_64, r-oldrel-macos-arm64, r-oldrel-macos-x86_64, r-oldrel-windows-ix86+x86_64

Version: 2.0.3
Check: dependencies in R code
Result: NOTE
    Namespaces in Imports field not imported from:
     ‘httpuv’ ‘knitr’ ‘plyr’ ‘tidyverse’ ‘tokenizers’ ‘xml2’
     All declared Imports should be used.
Flavors: r-devel-linux-x86_64-fedora-clang, r-devel-linux-x86_64-fedora-gcc, r-release-macos-arm64, r-release-macos-x86_64, r-oldrel-macos-arm64, r-oldrel-macos-x86_64