Last updated on 2022-06-27 15:53:42 CEST.
Flavor | Version | Tinstall | Tcheck | Ttotal | Status | Flags |
---|---|---|---|---|---|---|
r-devel-linux-x86_64-debian-clang | 0.96 | 36.58 | 289.87 | 326.45 | OK | |
r-devel-linux-x86_64-debian-gcc | 0.96 | 25.01 | 201.25 | 226.26 | OK | |
r-devel-linux-x86_64-fedora-clang | 0.96 | 381.13 | OK | |||
r-devel-linux-x86_64-fedora-gcc | 0.96 | 377.40 | OK | |||
r-devel-windows-x86_64 | 0.96 | 50.00 | 307.00 | 357.00 | OK | |
r-patched-linux-x86_64 | 0.96 | 31.34 | 265.97 | 297.31 | OK | |
r-release-linux-x86_64 | 0.96 | 32.15 | 259.67 | 291.82 | OK | |
r-release-macos-arm64 | 0.96 | 115.00 | OK | |||
r-release-macos-x86_64 | 0.96 | 7.00 | ERROR | |||
r-release-windows-x86_64 | 0.96 | 53.00 | 308.00 | 361.00 | OK | |
r-oldrel-macos-arm64 | 0.96 | 83.00 | OK | |||
r-oldrel-macos-x86_64 | 0.96 | 146.00 | OK | |||
r-oldrel-windows-ix86+x86_64 | 0.96 | 87.00 | 360.00 | 447.00 | OK |
Version: 0.96
Check: package dependencies
Result: ERROR
Package required but not available: ‘RcppAlgos’
See section ‘The DESCRIPTION file’ in the ‘Writing R Extensions’
manual.
Flavor: r-release-macos-x86_64