Last updated on 2022-07-02 03:51:28 CEST.
Flavor | Version | Tinstall | Tcheck | Ttotal | Status | Flags |
---|---|---|---|---|---|---|
r-devel-linux-x86_64-debian-clang | 1.0.0 | 276.02 | 322.44 | 598.46 | NOTE | |
r-devel-linux-x86_64-debian-gcc | 1.0.0 | 225.84 | 252.84 | 478.68 | NOTE | |
r-devel-linux-x86_64-fedora-clang | 1.0.0 | 1036.86 | WARN | |||
r-devel-linux-x86_64-fedora-gcc | 1.0.0 | 975.97 | WARN | |||
r-devel-windows-x86_64 | 1.0.0 | 174.00 | 388.00 | 562.00 | NOTE | |
r-patched-linux-x86_64 | 1.0.0 | 210.16 | 320.37 | 530.53 | NOTE | |
r-release-linux-x86_64 | 1.0.0 | 207.04 | 319.90 | 526.94 | NOTE | |
r-release-macos-arm64 | 1.0.0 | 266.00 | NOTE | |||
r-release-macos-x86_64 | 1.0.0 | 432.00 | NOTE | |||
r-release-windows-x86_64 | 1.0.0 | 328.00 | 374.00 | 702.00 | NOTE | |
r-oldrel-macos-arm64 | 1.0.0 | 282.00 | NOTE | |||
r-oldrel-macos-x86_64 | 1.0.0 | 337.00 | NOTE | |||
r-oldrel-windows-ix86+x86_64 | 1.0.0 | 416.00 | 546.00 | 962.00 | NOTE |
Version: 1.0.0
Check: for GNU extensions in Makefiles
Result: NOTE
GNU make is a SystemRequirements.
Flavors: r-devel-linux-x86_64-debian-clang, r-devel-linux-x86_64-debian-gcc, r-devel-linux-x86_64-fedora-clang, r-devel-linux-x86_64-fedora-gcc, r-devel-windows-x86_64, r-patched-linux-x86_64, r-release-linux-x86_64, r-release-macos-arm64, r-release-macos-x86_64, r-release-windows-x86_64, r-oldrel-macos-arm64, r-oldrel-macos-x86_64, r-oldrel-windows-ix86+x86_64
Version: 1.0.0
Check: package dependencies
Result: WARN
Requires (indirectly) orphaned package: ‘gtools’
Flavors: r-devel-linux-x86_64-fedora-clang, r-devel-linux-x86_64-fedora-gcc
Version: 1.0.0
Check: installed package size
Result: NOTE
installed size is 47.4Mb
sub-directories of 1Mb or more:
libs 46.2Mb
Flavors: r-devel-linux-x86_64-fedora-clang, r-release-macos-arm64, r-release-macos-x86_64, r-oldrel-macos-arm64, r-oldrel-macos-x86_64, r-oldrel-windows-ix86+x86_64