CRAN Package Check Results for Package eoffice

Last updated on 2022-06-30 15:51:40 CEST.

Flavor Version Tinstall Tcheck Ttotal Status Flags
r-devel-linux-x86_64-debian-clang 0.2.1 10.78 105.82 116.60 NOTE
r-devel-linux-x86_64-debian-gcc 0.2.1 7.30 77.55 84.85 NOTE
r-devel-linux-x86_64-fedora-clang 0.2.1 153.85 NOTE
r-devel-linux-x86_64-fedora-gcc 0.2.1 154.31 NOTE
r-devel-windows-x86_64 0.2.1 29.00 155.00 184.00 NOTE
r-patched-linux-x86_64 0.2.1 5.90 99.99 105.89 NOTE
r-release-linux-x86_64 0.2.1 6.01 100.20 106.21 NOTE
r-release-macos-arm64 0.2.1 38.00 NOTE
r-release-macos-x86_64 0.2.1 64.00 NOTE
r-release-windows-x86_64 0.2.1 22.00 136.00 158.00 NOTE
r-oldrel-macos-arm64 0.2.1 54.00 NOTE
r-oldrel-macos-x86_64 0.2.1 75.00 NOTE
r-oldrel-windows-ix86+x86_64 0.2.1 30.00 131.00 161.00 NOTE

Check Details

Version: 0.2.1
Check: LazyData
Result: NOTE
     'LazyData' is specified without a 'data' directory
Flavors: r-devel-linux-x86_64-debian-clang, r-devel-linux-x86_64-debian-gcc, r-devel-linux-x86_64-fedora-clang, r-devel-linux-x86_64-fedora-gcc, r-devel-windows-x86_64, r-patched-linux-x86_64, r-release-linux-x86_64, r-release-macos-arm64, r-release-macos-x86_64, r-release-windows-x86_64, r-oldrel-macos-arm64, r-oldrel-macos-x86_64, r-oldrel-windows-ix86+x86_64