Last updated on 2021-01-26 15:49:44 CET.
Flavor | Version | Tinstall | Tcheck | Ttotal | Status | Flags |
---|---|---|---|---|---|---|
r-devel-linux-x86_64-debian-clang | 1.5 | 8.58 | 57.10 | 65.68 | OK | |
r-devel-linux-x86_64-debian-gcc | 1.5 | 7.78 | 43.47 | 51.25 | OK | |
r-devel-linux-x86_64-fedora-clang | 1.5 | 87.16 | NOTE | |||
r-devel-linux-x86_64-fedora-gcc | 1.5 | 76.74 | NOTE | |||
r-devel-windows-ix86+x86_64 | 1.5 | 21.00 | 85.00 | 106.00 | OK | |
r-patched-linux-x86_64 | 1.5 | 8.50 | 52.36 | 60.86 | OK | |
r-patched-solaris-x86 | 1.5 | 98.50 | OK | |||
r-release-linux-x86_64 | 1.5 | 10.22 | 53.06 | 63.28 | OK | |
r-release-macos-x86_64 | 1.5 | OK | ||||
r-release-windows-ix86+x86_64 | 1.5 | 22.00 | 65.00 | 87.00 | OK | |
r-oldrel-macos-x86_64 | 1.5 | OK | ||||
r-oldrel-windows-ix86+x86_64 | 1.5 | 17.00 | 79.00 | 96.00 | OK |
Version: 1.5
Check: compiled code
Result: NOTE
File ‘enviPick/libs/enviPick.so’:
Found no calls to: ‘R_registerRoutines’, ‘R_useDynamicSymbols’
It is good practice to register native routines and to disable symbol
search.
See ‘Writing portable packages’ in the ‘Writing R Extensions’ manual.
Flavors: r-devel-linux-x86_64-fedora-clang, r-devel-linux-x86_64-fedora-gcc