Last updated on 2022-08-16 04:53:37 CEST.
Flavor | Version | Tinstall | Tcheck | Ttotal | Status | Flags |
---|---|---|---|---|---|---|
r-devel-linux-x86_64-debian-clang | 2.4 | 7.78 | 38.43 | 46.21 | NOTE | |
r-devel-linux-x86_64-debian-gcc | 2.4 | 6.77 | 29.26 | 36.03 | NOTE | |
r-devel-linux-x86_64-fedora-clang | 2.4 | 66.98 | NOTE | |||
r-devel-linux-x86_64-fedora-gcc | 2.4 | 67.14 | NOTE | |||
r-devel-windows-x86_64 | 2.4 | 25.00 | 57.00 | 82.00 | NOTE | |
r-patched-linux-x86_64 | 2.4 | 7.79 | 36.80 | 44.59 | OK | |
r-release-linux-x86_64 | 2.4 | 7.09 | 36.90 | 43.99 | OK | |
r-release-macos-arm64 | 2.4 | 20.00 | OK | |||
r-release-macos-x86_64 | 2.4 | 29.00 | OK | |||
r-release-windows-x86_64 | 2.4 | 19.00 | 59.00 | 78.00 | OK | |
r-oldrel-macos-arm64 | 2.4 | 25.00 | OK | |||
r-oldrel-macos-x86_64 | 2.4 | 39.00 | OK | |||
r-oldrel-windows-ix86+x86_64 | 2.4 | 23.00 | 49.00 | 72.00 | OK |
Version: 2.4
Check: Rd files
Result: NOTE
checkRd: (-1) check_several.Rd:34: Escaped LaTeX specials: \#
checkRd: (-1) check_several.Rd:35: Escaped LaTeX specials: \#
Flavors: r-devel-linux-x86_64-debian-clang, r-devel-linux-x86_64-debian-gcc, r-devel-linux-x86_64-fedora-clang, r-devel-linux-x86_64-fedora-gcc, r-devel-windows-x86_64