CRAN Package Check Results for Package entrymodels

Last updated on 2024-03-02 02:48:37 CET.

Flavor Version Tinstall Tcheck Ttotal Status Flags
r-devel-linux-x86_64-debian-clang 0.2.1 4.57 48.12 52.69 NOTE
r-devel-linux-x86_64-debian-gcc 0.2.1 4.13 35.62 39.75 NOTE
r-devel-linux-x86_64-fedora-clang 0.2.1 65.78 NOTE
r-devel-linux-x86_64-fedora-gcc 0.2.1 64.38 NOTE
r-devel-windows-x86_64 0.2.1 6.00 54.00 60.00 NOTE
r-patched-linux-x86_64 0.2.1 5.69 45.07 50.76 NOTE
r-release-linux-x86_64 0.2.1 4.98 45.20 50.18 NOTE
r-release-macos-arm64 0.2.1 27.00 NOTE
r-release-macos-x86_64 0.2.1 33.00 NOTE
r-release-windows-x86_64 0.2.1 8.00 59.00 67.00 NOTE
r-oldrel-macos-arm64 0.2.1 25.00 NOTE
r-oldrel-windows-x86_64 0.2.1 7.00 63.00 70.00 NOTE

Check Details

Version: 0.2.1
Check: LazyData
Result: NOTE 'LazyData' is specified without a 'data' directory Flavors: r-devel-linux-x86_64-debian-clang, r-devel-linux-x86_64-debian-gcc, r-devel-linux-x86_64-fedora-clang, r-devel-linux-x86_64-fedora-gcc, r-devel-windows-x86_64, r-patched-linux-x86_64, r-release-linux-x86_64, r-release-macos-arm64, r-release-macos-x86_64, r-release-windows-x86_64, r-oldrel-macos-arm64, r-oldrel-windows-x86_64