CRAN Package Check Results for Package entrymodels

Last updated on 2023-02-06 15:57:12 CET.

Flavor Version Tinstall Tcheck Ttotal Status Flags
r-devel-linux-x86_64-debian-clang 0.2.1 5.21 48.12 53.33 NOTE
r-devel-linux-x86_64-debian-gcc 0.2.1 4.31 35.37 39.68 NOTE
r-devel-linux-x86_64-fedora-clang 0.2.1 74.01 NOTE
r-devel-linux-x86_64-fedora-gcc 0.2.1 63.01 NOTE
r-devel-windows-x86_64 0.2.1 12.00 74.00 86.00 NOTE
r-patched-linux-x86_64 0.2.1 5.13 47.59 52.72 NOTE
r-release-linux-x86_64 0.2.1 5.92 47.82 53.74 NOTE
r-release-macos-arm64 0.2.1 25.00 NOTE
r-release-macos-x86_64 0.2.1 53.00 NOTE
r-release-windows-x86_64 0.2.1 22.00 82.00 104.00 NOTE
r-oldrel-macos-arm64 0.2.1 27.00 NOTE
r-oldrel-macos-x86_64 0.2.1 37.00 NOTE
r-oldrel-windows-ix86+x86_64 0.2.1 13.00 71.00 84.00 NOTE

Check Details

Version: 0.2.1
Check: LazyData
Result: NOTE
     'LazyData' is specified without a 'data' directory
Flavors: r-devel-linux-x86_64-debian-clang, r-devel-linux-x86_64-debian-gcc, r-devel-linux-x86_64-fedora-clang, r-devel-linux-x86_64-fedora-gcc, r-devel-windows-x86_64, r-patched-linux-x86_64, r-release-linux-x86_64, r-release-macos-arm64, r-release-macos-x86_64, r-release-windows-x86_64, r-oldrel-macos-arm64, r-oldrel-macos-x86_64, r-oldrel-windows-ix86+x86_64