CRAN Package Check Results for Package emon

Last updated on 2022-09-25 15:56:41 CEST.

Flavor Version Tinstall Tcheck Ttotal Status Flags
r-devel-linux-x86_64-debian-clang 1.3.2 9.58 92.21 101.79 OK
r-devel-linux-x86_64-debian-gcc 1.3.2 8.27 68.94 77.21 OK
r-devel-linux-x86_64-fedora-clang 1.3.2 131.27 NOTE
r-devel-linux-x86_64-fedora-gcc 1.3.2 137.98 OK
r-devel-windows-x86_64 1.3.2 14.00 113.00 127.00 OK
r-patched-linux-x86_64 1.3.2 9.11 89.02 98.13 OK
r-release-linux-x86_64 1.3.2 9.57 89.72 99.29 OK
r-release-macos-arm64 1.3.2 37.00 OK
r-release-macos-x86_64 1.3.2 49.00 OK
r-release-windows-x86_64 1.3.2 20.00 113.00 133.00 OK
r-oldrel-macos-arm64 1.3.2 41.00 OK
r-oldrel-macos-x86_64 1.3.2 67.00 OK
r-oldrel-windows-ix86+x86_64 1.3.2 19.00 111.00 130.00 OK

Check Details

Version: 1.3.2
Check: Rd cross-references
Result: NOTE
    Undeclared packages ‘Kendall’, ‘geoR’ in Rd xrefs
Flavor: r-devel-linux-x86_64-fedora-clang