Last updated on 2025-04-30 03:50:52 CEST.
Flavor | Version | Tinstall | Tcheck | Ttotal | Status | Flags |
---|---|---|---|---|---|---|
r-devel-linux-x86_64-debian-clang | 1.11.0 | 14.30 | 267.58 | 281.88 | NOTE | |
r-devel-linux-x86_64-debian-gcc | 1.11.0 | 10.27 | 195.36 | 205.63 | OK | |
r-devel-linux-x86_64-fedora-clang | 1.11.0 | 466.21 | OK | |||
r-devel-linux-x86_64-fedora-gcc | 1.11.0 | 463.63 | OK | |||
r-devel-windows-x86_64 | 1.11.0 | 18.00 | 256.00 | 274.00 | OK | |
r-patched-linux-x86_64 | 1.11.0 | 15.56 | 258.96 | 274.52 | OK | |
r-release-linux-x86_64 | 1.11.0 | 13.98 | 256.37 | 270.35 | OK | |
r-release-macos-arm64 | 1.11.0 | 138.00 | OK | |||
r-release-macos-x86_64 | 1.11.0 | 258.00 | OK | |||
r-release-windows-x86_64 | 1.11.0 | 19.00 | 251.00 | 270.00 | OK | |
r-oldrel-macos-arm64 | 1.11.0 | 167.00 | OK | |||
r-oldrel-macos-x86_64 | 1.11.0 | 306.00 | OK | |||
r-oldrel-windows-x86_64 | 1.11.0 | 23.00 | 328.00 | 351.00 | OK |
Version: 1.11.0
Check: examples
Result: NOTE
Examples with CPU (user + system) or elapsed time > 5s
user system elapsed
emmip 4.612 0.066 6.106
Flavor: r-devel-linux-x86_64-debian-clang