CRAN Package Check Results for Package emdbook

Last updated on 2022-09-25 03:54:29 CEST.

Flavor Version Tinstall Tcheck Ttotal Status Flags
r-devel-linux-x86_64-debian-clang 1.3.12 13.96 100.92 114.88 OK
r-devel-linux-x86_64-debian-gcc 1.3.12 9.51 77.07 86.58 OK
r-devel-linux-x86_64-fedora-clang 1.3.12 142.83 NOTE
r-devel-linux-x86_64-fedora-gcc 1.3.12 151.21 OK
r-devel-windows-x86_64 1.3.12 29.00 134.00 163.00 OK
r-patched-linux-x86_64 1.3.12 14.52 96.29 110.81 OK
r-release-linux-x86_64 1.3.12 12.10 94.49 106.59 OK
r-release-macos-arm64 1.3.12 35.00 OK
r-release-macos-x86_64 1.3.12 55.00 NOTE
r-release-windows-x86_64 1.3.12 15.00 133.00 148.00 OK
r-oldrel-macos-arm64 1.3.12 46.00 NOTE
r-oldrel-macos-x86_64 1.3.12 78.00 OK
r-oldrel-windows-ix86+x86_64 1.3.12 25.00 115.00 140.00 OK

Check Details

Version: 1.3.12
Check: Rd cross-references
Result: NOTE
    Undeclared package ‘mvtnorm’ in Rd xrefs
Flavor: r-devel-linux-x86_64-fedora-clang

Version: 1.3.12
Check: package dependencies
Result: NOTE
    Package suggested but not available for checking: ‘R2jags’
Flavors: r-release-macos-x86_64, r-oldrel-macos-arm64