CRAN Package Check Results for Package electionsBR

Last updated on 2023-01-31 04:06:17 CET.

Flavor Version Tinstall Tcheck Ttotal Status Flags
r-devel-linux-x86_64-debian-clang 0.3.2 5.20 56.65 61.85 NOTE
r-devel-linux-x86_64-debian-gcc 0.3.2 4.40 38.40 42.80 NOTE
r-devel-linux-x86_64-fedora-clang 0.3.2 77.29 NOTE
r-devel-linux-x86_64-fedora-gcc 0.3.2 85.68 NOTE
r-devel-windows-x86_64 0.3.2 20.00 101.00 121.00 NOTE
r-patched-linux-x86_64 0.3.2 4.61 52.05 56.66 NOTE
r-release-linux-x86_64 0.3.2 4.85 52.88 57.73 NOTE
r-release-macos-arm64 0.3.2 25.00 NOTE
r-release-macos-x86_64 0.3.2 41.00 NOTE
r-release-windows-x86_64 0.3.2 37.00 88.00 125.00 NOTE
r-oldrel-macos-arm64 0.3.2 29.00 NOTE
r-oldrel-macos-x86_64 0.3.2 45.00 NOTE
r-oldrel-windows-ix86+x86_64 0.3.2 14.00 78.00 92.00 NOTE

Check Details

Version: 0.3.2
Check: LazyData
Result: NOTE
     'LazyData' is specified without a 'data' directory
Flavors: r-devel-linux-x86_64-debian-clang, r-devel-linux-x86_64-debian-gcc, r-devel-linux-x86_64-fedora-clang, r-devel-linux-x86_64-fedora-gcc, r-devel-windows-x86_64, r-patched-linux-x86_64, r-release-linux-x86_64, r-release-macos-arm64, r-release-macos-x86_64, r-release-windows-x86_64, r-oldrel-macos-arm64, r-oldrel-macos-x86_64, r-oldrel-windows-ix86+x86_64

Version: 0.3.2
Check: dependencies in R code
Result: NOTE
    Namespace in Imports field not imported from: ‘stats’
     All declared Imports should be used.
Flavors: r-devel-linux-x86_64-fedora-clang, r-devel-linux-x86_64-fedora-gcc, r-release-macos-arm64, r-release-macos-x86_64, r-oldrel-macos-arm64, r-oldrel-macos-x86_64