CRAN Package Check Results for Package elasso

Last updated on 2024-07-16 15:48:10 CEST.

Flavor Version Tinstall Tcheck Ttotal Status Flags
r-devel-linux-x86_64-debian-clang 1.1 7.30 80.09 87.39 NOTE
r-devel-linux-x86_64-debian-gcc 1.1 7.26 58.46 65.72 NOTE
r-devel-linux-x86_64-fedora-clang 1.1 108.70 NOTE
r-devel-linux-x86_64-fedora-gcc 1.1 100.96 NOTE
r-devel-windows-x86_64 1.1 9.00 70.00 79.00 NOTE
r-patched-linux-x86_64 1.1 7.36 75.37 82.73 NOTE
r-release-linux-x86_64 1.1 6.22 74.51 80.73 NOTE
r-release-macos-arm64 1.1 35.00 NOTE
r-release-macos-x86_64 1.1 48.00 NOTE
r-release-windows-x86_64 1.1 8.00 71.00 79.00 NOTE
r-oldrel-macos-arm64 1.1 33.00 NOTE
r-oldrel-macos-x86_64 1.1 55.00 NOTE
r-oldrel-windows-x86_64 1.1 10.00 86.00 96.00 NOTE

Check Details

Version: 1.1
Check: LazyData
Result: NOTE 'LazyData' is specified without a 'data' directory Flavors: r-devel-linux-x86_64-debian-clang, r-devel-linux-x86_64-debian-gcc, r-devel-linux-x86_64-fedora-clang, r-devel-linux-x86_64-fedora-gcc, r-devel-windows-x86_64, r-patched-linux-x86_64, r-release-linux-x86_64, r-release-macos-arm64, r-release-macos-x86_64, r-release-windows-x86_64, r-oldrel-macos-arm64, r-oldrel-macos-x86_64, r-oldrel-windows-x86_64