CRAN Package Check Results for Package eigenmodel

Last updated on 2025-01-18 04:48:23 CET.

Flavor Version Tinstall Tcheck Ttotal Status Flags
r-devel-linux-x86_64-debian-clang 1.11 2.23 26.26 28.49 NOTE
r-devel-linux-x86_64-debian-gcc 1.11 1.72 19.97 21.69 NOTE
r-devel-linux-x86_64-fedora-clang 1.11 46.14 NOTE
r-devel-linux-x86_64-fedora-gcc 1.11 44.93 NOTE
r-devel-windows-x86_64 1.11 3.00 48.00 51.00 NOTE
r-patched-linux-x86_64 1.11 2.34 24.88 27.22 NOTE
r-release-linux-x86_64 1.11 1.95 25.00 26.95 NOTE
r-release-macos-arm64 1.11 17.00 NOTE
r-release-macos-x86_64 1.11 37.00 NOTE
r-release-windows-x86_64 1.11 3.00 46.00 49.00 NOTE
r-oldrel-macos-arm64 1.11 20.00 NOTE
r-oldrel-macos-x86_64 1.11 26.00 NOTE
r-oldrel-windows-x86_64 1.11 4.00 49.00 53.00 NOTE

Check Details

Version: 1.11
Check: package subdirectories
Result: NOTE Problems with news in ‘NEWS.md’: No news entries found. Flavors: r-devel-linux-x86_64-debian-clang, r-devel-linux-x86_64-debian-gcc, r-devel-linux-x86_64-fedora-clang, r-devel-linux-x86_64-fedora-gcc, r-devel-windows-x86_64, r-patched-linux-x86_64, r-release-linux-x86_64, r-release-macos-arm64, r-release-macos-x86_64, r-release-windows-x86_64, r-oldrel-macos-arm64, r-oldrel-macos-x86_64, r-oldrel-windows-x86_64